{"id":132,"date":"2018-04-03T11:11:04","date_gmt":"2018-04-03T09:11:04","guid":{"rendered":"http:\/\/ladoration.fr\/vanicet\/?page_id=132"},"modified":"2018-04-05T10:29:55","modified_gmt":"2018-04-05T08:29:55","slug":"bonbon-chouval","status":"publish","type":"page","link":"http:\/\/ladoration.fr\/vanicet\/textes\/bonbon-chouval\/","title":{"rendered":"Bonbon Chouval (Dominique Aur\u00e9lia)"},"content":{"rendered":"\t\t<div data-elementor-type=\"wp-post\" data-elementor-id=\"132\" class=\"elementor elementor-132 elementor-bc-flex-widget\">\n\t\t\t\t\t\t<section class=\"elementor-section elementor-top-section elementor-element elementor-element-81592ef elementor-section-boxed elementor-section-height-default elementor-section-height-default\" data-id=\"81592ef\" data-element_type=\"section\">\n\t\t\t\t\t\t<div class=\"elementor-container elementor-column-gap-default\">\n\t\t\t\t\t<div class=\"elementor-column elementor-col-100 elementor-top-column elementor-element elementor-element-eb570c3\" data-id=\"eb570c3\" data-element_type=\"column\">\n\t\t\t<div class=\"elementor-widget-wrap elementor-element-populated\">\n\t\t\t\t\t\t<div class=\"elementor-element elementor-element-319b847 elementor-widget elementor-widget-text-editor\" data-id=\"319b847\" data-element_type=\"widget\" data-widget_type=\"text-editor.default\">\n\t\t\t\t<div class=\"elementor-widget-container\">\n\t\t\t\t\t\t\t<p><span style=\"font-size: 14pt;\">Les chevaux du pays dogon<\/span><br \/><span style=\"font-size: 14pt;\">cheminent<\/span><br \/><span style=\"font-size: 14pt;\">Les chevaux qui n\u2019existent pas au pays dogon<\/span><br \/><span style=\"font-size: 14pt;\">sont sortis du tray,<\/span><br \/><span style=\"font-size: 14pt;\">(bonbon chouval: farine et sucre gambadant aux cot\u00e9s des lotchos et<\/span><br \/><span style=\"font-size: 14pt;\">des bracelets en sucre rouge)<\/span><br \/><span style=\"font-size: 14pt;\">Ils se sont redress\u00e9s sur leurs longues pattes<\/span><br \/><span style=\"font-size: 14pt;\">Ils chevauchent les savanes oubli\u00e9es par les fils,<\/span><br \/><span style=\"font-size: 14pt;\">Ils marchent dans le tray<\/span><br \/><span style=\"font-size: 14pt;\">Ils marchent dans nos t\u00eates<\/span><br \/><span style=\"font-size: 14pt;\">Les chevaux oubli\u00e9s du pays dogon.<\/span><\/p><p><span style=\"font-size: 14pt;\">Aur\u00e9lia Dominique<\/span><\/p>\t\t\t\t\t\t<\/div>\n\t\t\t\t<\/div>\n\t\t\t\t<div class=\"elementor-element elementor-element-2b909842 elementor-widget elementor-widget-text-editor\" data-id=\"2b909842\" data-element_type=\"widget\" data-widget_type=\"text-editor.default\">\n\t\t\t\t<div class=\"elementor-widget-container\">\n\t\t\t\t\t\t\t<p><a href=\"http:\/\/ladoration.fr\/vanicet\/index.php\/textes\/la-calebasse\/\" target=\"_blank\" rel=\"noopener\"><span style=\"font-size: 14pt;\">Lire aussi du m\u00eame auteur<\/span><\/a><\/p>\t\t\t\t\t\t<\/div>\n\t\t\t\t<\/div>\n\t\t\t\t\t<\/div>\n\t\t<\/div>\n\t\t\t\t\t<\/div>\n\t\t<\/section>\n\t\t\t\t<\/div>\n\t\t","protected":false},"excerpt":{"rendered":"<p>Les chevaux du pays dogon cheminent Les chevaux qui n\u2019existent pas au pays dogon sont sortis du tray, (bonbon chouval: farine et sucre gambadant aux cot\u00e9s des lotchos et des bracelets en sucre rouge) Ils se sont redress\u00e9s sur leurs longues pattes Ils chevauchent les savanes oubli\u00e9es par les fils, Ils marchent dans le tray [&hellip;]<\/p>\n","protected":false},"author":1,"featured_media":0,"parent":96,"menu_order":0,"comment_status":"closed","ping_status":"closed","template":"","meta":{"jetpack_post_was_ever_published":false,"footnotes":""},"class_list":["post-132","page","type-page","status-publish","hentry","blog-blocks-layout","blog-style-postblock","","blog-alt-odd"],"yoast_head":"<!-- This site is optimized with the Yoast SEO plugin v23.0 - https:\/\/yoast.com\/wordpress\/plugins\/seo\/ -->\n<title>Bonbon Chouval, un texte de Dominique Aur\u00e9lia sur le site de Victor Anicet<\/title>\n<meta name=\"description\" content=\"Bonbon Chouval, un texte de Dominique Aur\u00e9lia sur le site de Victor Anicet: &quot;Ils marchent dans nos t\u00eates\/ les chevaux oubli\u00e9s du pays dogon&quot;\" \/>\n<meta name=\"robots\" content=\"index, follow, max-snippet:-1, max-image-preview:large, max-video-preview:-1\" \/>\n<link rel=\"canonical\" href=\"https:\/\/ladoration.fr\/vanicet\/textes\/bonbon-chouval\/\" \/>\n<meta property=\"og:locale\" content=\"fr_FR\" \/>\n<meta property=\"og:type\" content=\"article\" \/>\n<meta property=\"og:title\" content=\"Bonbon Chouval, un texte de Dominique Aur\u00e9lia sur le site de Victor Anicet\" \/>\n<meta property=\"og:description\" content=\"Bonbon Chouval, un texte de Dominique Aur\u00e9lia sur le site de Victor Anicet: &quot;Ils marchent dans nos t\u00eates\/ les chevaux oubli\u00e9s du pays dogon&quot;\" \/>\n<meta property=\"og:url\" content=\"https:\/\/ladoration.fr\/vanicet\/textes\/bonbon-chouval\/\" \/>\n<meta property=\"og:site_name\" content=\"Victor Anicet\" \/>\n<meta property=\"article:modified_time\" content=\"2018-04-05T08:29:55+00:00\" \/>\n<meta name=\"twitter:card\" content=\"summary_large_image\" \/>\n<script type=\"application\/ld+json\" class=\"yoast-schema-graph\">{\"@context\":\"https:\/\/schema.org\",\"@graph\":[{\"@type\":\"WebPage\",\"@id\":\"https:\/\/ladoration.fr\/vanicet\/textes\/bonbon-chouval\/\",\"url\":\"https:\/\/ladoration.fr\/vanicet\/textes\/bonbon-chouval\/\",\"name\":\"Bonbon Chouval, un texte de Dominique Aur\u00e9lia sur le site de Victor Anicet\",\"isPartOf\":{\"@id\":\"http:\/\/ladoration.fr\/vanicet\/#website\"},\"datePublished\":\"2018-04-03T09:11:04+00:00\",\"dateModified\":\"2018-04-05T08:29:55+00:00\",\"description\":\"Bonbon Chouval, un texte de Dominique Aur\u00e9lia sur le site de Victor Anicet: \\\"Ils marchent dans nos t\u00eates\/ les chevaux oubli\u00e9s du pays dogon\\\"\",\"breadcrumb\":{\"@id\":\"https:\/\/ladoration.fr\/vanicet\/textes\/bonbon-chouval\/#breadcrumb\"},\"inLanguage\":\"fr-FR\",\"potentialAction\":[{\"@type\":\"ReadAction\",\"target\":[\"https:\/\/ladoration.fr\/vanicet\/textes\/bonbon-chouval\/\"]}]},{\"@type\":\"BreadcrumbList\",\"@id\":\"https:\/\/ladoration.fr\/vanicet\/textes\/bonbon-chouval\/#breadcrumb\",\"itemListElement\":[{\"@type\":\"ListItem\",\"position\":1,\"name\":\"Accueil\",\"item\":\"http:\/\/ladoration.fr\/vanicet\/\"},{\"@type\":\"ListItem\",\"position\":2,\"name\":\"Textes\",\"item\":\"http:\/\/ladoration.fr\/vanicet\/textes\/\"},{\"@type\":\"ListItem\",\"position\":3,\"name\":\"Bonbon Chouval (Dominique Aur\u00e9lia)\"}]},{\"@type\":\"WebSite\",\"@id\":\"http:\/\/ladoration.fr\/vanicet\/#website\",\"url\":\"http:\/\/ladoration.fr\/vanicet\/\",\"name\":\"Victor Anicet\",\"description\":\"Biface dit C\u00e9saire dans la Trag\u00e9die du Roi Christophe en pensant \u00e0 Janus, deux t\u00eates, deux directions, le pass\u00e9 et l&#039;Avenir\",\"potentialAction\":[{\"@type\":\"SearchAction\",\"target\":{\"@type\":\"EntryPoint\",\"urlTemplate\":\"http:\/\/ladoration.fr\/vanicet\/?s={search_term_string}\"},\"query-input\":\"required name=search_term_string\"}],\"inLanguage\":\"fr-FR\"}]}<\/script>\n<!-- \/ Yoast SEO plugin. -->","yoast_head_json":{"title":"Bonbon Chouval, un texte de Dominique Aur\u00e9lia sur le site de Victor Anicet","description":"Bonbon Chouval, un texte de Dominique Aur\u00e9lia sur le site de Victor Anicet: \"Ils marchent dans nos t\u00eates\/ les chevaux oubli\u00e9s du pays dogon\"","robots":{"index":"index","follow":"follow","max-snippet":"max-snippet:-1","max-image-preview":"max-image-preview:large","max-video-preview":"max-video-preview:-1"},"canonical":"https:\/\/ladoration.fr\/vanicet\/textes\/bonbon-chouval\/","og_locale":"fr_FR","og_type":"article","og_title":"Bonbon Chouval, un texte de Dominique Aur\u00e9lia sur le site de Victor Anicet","og_description":"Bonbon Chouval, un texte de Dominique Aur\u00e9lia sur le site de Victor Anicet: \"Ils marchent dans nos t\u00eates\/ les chevaux oubli\u00e9s du pays dogon\"","og_url":"https:\/\/ladoration.fr\/vanicet\/textes\/bonbon-chouval\/","og_site_name":"Victor Anicet","article_modified_time":"2018-04-05T08:29:55+00:00","twitter_card":"summary_large_image","schema":{"@context":"https:\/\/schema.org","@graph":[{"@type":"WebPage","@id":"https:\/\/ladoration.fr\/vanicet\/textes\/bonbon-chouval\/","url":"https:\/\/ladoration.fr\/vanicet\/textes\/bonbon-chouval\/","name":"Bonbon Chouval, un texte de Dominique Aur\u00e9lia sur le site de Victor Anicet","isPartOf":{"@id":"http:\/\/ladoration.fr\/vanicet\/#website"},"datePublished":"2018-04-03T09:11:04+00:00","dateModified":"2018-04-05T08:29:55+00:00","description":"Bonbon Chouval, un texte de Dominique Aur\u00e9lia sur le site de Victor Anicet: \"Ils marchent dans nos t\u00eates\/ les chevaux oubli\u00e9s du pays dogon\"","breadcrumb":{"@id":"https:\/\/ladoration.fr\/vanicet\/textes\/bonbon-chouval\/#breadcrumb"},"inLanguage":"fr-FR","potentialAction":[{"@type":"ReadAction","target":["https:\/\/ladoration.fr\/vanicet\/textes\/bonbon-chouval\/"]}]},{"@type":"BreadcrumbList","@id":"https:\/\/ladoration.fr\/vanicet\/textes\/bonbon-chouval\/#breadcrumb","itemListElement":[{"@type":"ListItem","position":1,"name":"Accueil","item":"http:\/\/ladoration.fr\/vanicet\/"},{"@type":"ListItem","position":2,"name":"Textes","item":"http:\/\/ladoration.fr\/vanicet\/textes\/"},{"@type":"ListItem","position":3,"name":"Bonbon Chouval (Dominique Aur\u00e9lia)"}]},{"@type":"WebSite","@id":"http:\/\/ladoration.fr\/vanicet\/#website","url":"http:\/\/ladoration.fr\/vanicet\/","name":"Victor Anicet","description":"Biface dit C\u00e9saire dans la Trag\u00e9die du Roi Christophe en pensant \u00e0 Janus, deux t\u00eates, deux directions, le pass\u00e9 et l&#039;Avenir","potentialAction":[{"@type":"SearchAction","target":{"@type":"EntryPoint","urlTemplate":"http:\/\/ladoration.fr\/vanicet\/?s={search_term_string}"},"query-input":"required name=search_term_string"}],"inLanguage":"fr-FR"}]}},"jetpack_sharing_enabled":true,"jetpack_shortlink":"https:\/\/wp.me\/Pax50O-28","_links":{"self":[{"href":"http:\/\/ladoration.fr\/vanicet\/wp-json\/wp\/v2\/pages\/132","targetHints":{"allow":["GET"]}}],"collection":[{"href":"http:\/\/ladoration.fr\/vanicet\/wp-json\/wp\/v2\/pages"}],"about":[{"href":"http:\/\/ladoration.fr\/vanicet\/wp-json\/wp\/v2\/types\/page"}],"author":[{"embeddable":true,"href":"http:\/\/ladoration.fr\/vanicet\/wp-json\/wp\/v2\/users\/1"}],"replies":[{"embeddable":true,"href":"http:\/\/ladoration.fr\/vanicet\/wp-json\/wp\/v2\/comments?post=132"}],"version-history":[{"count":8,"href":"http:\/\/ladoration.fr\/vanicet\/wp-json\/wp\/v2\/pages\/132\/revisions"}],"predecessor-version":[{"id":239,"href":"http:\/\/ladoration.fr\/vanicet\/wp-json\/wp\/v2\/pages\/132\/revisions\/239"}],"up":[{"embeddable":true,"href":"http:\/\/ladoration.fr\/vanicet\/wp-json\/wp\/v2\/pages\/96"}],"wp:attachment":[{"href":"http:\/\/ladoration.fr\/vanicet\/wp-json\/wp\/v2\/media?parent=132"}],"curies":[{"name":"wp","href":"https:\/\/api.w.org\/{rel}","templated":true}]}}