{"id":248,"date":"2018-04-05T11:14:20","date_gmt":"2018-04-05T09:14:20","guid":{"rendered":"http:\/\/ladoration.fr\/vanicet\/?page_id=248"},"modified":"2018-04-15T19:35:13","modified_gmt":"2018-04-15T17:35:13","slug":"carcans","status":"publish","type":"page","link":"http:\/\/ladoration.fr\/vanicet\/restitutions\/signes\/carcans\/","title":{"rendered":"Carcans"},"content":{"rendered":"\t\t<div data-elementor-type=\"wp-post\" data-elementor-id=\"248\" class=\"elementor elementor-248 elementor-bc-flex-widget\">\n\t\t\t\t\t\t<section class=\"elementor-section elementor-top-section elementor-element elementor-element-8ead292 elementor-section-boxed elementor-section-height-default elementor-section-height-default\" data-id=\"8ead292\" data-element_type=\"section\">\n\t\t\t\t\t\t<div class=\"elementor-container elementor-column-gap-default\">\n\t\t\t\t\t<div class=\"elementor-column elementor-col-50 elementor-top-column elementor-element elementor-element-5fb2ce4\" data-id=\"5fb2ce4\" data-element_type=\"column\">\n\t\t\t<div class=\"elementor-widget-wrap elementor-element-populated\">\n\t\t\t\t\t\t<div class=\"elementor-element elementor-element-d5030a3 elementor-position-top elementor-widget elementor-widget-image-box\" data-id=\"d5030a3\" data-element_type=\"widget\" data-widget_type=\"image-box.default\">\n\t\t\t\t<div class=\"elementor-widget-container\">\n\t\t\t<div class=\"elementor-image-box-wrapper\"><figure class=\"elementor-image-box-img\"><a href=\"http:\/\/ladoration.fr\/vanicet\/wp-content\/uploads\/2018\/04\/Carcan-N\u00b01-768x1286_c.jpg\" target=\"_blank\" tabindex=\"-1\"><img fetchpriority=\"high\" decoding=\"async\" width=\"768\" height=\"1286\" src=\"http:\/\/ladoration.fr\/vanicet\/wp-content\/uploads\/2018\/04\/Carcan-N\u00b01-768x1286_c.jpg\" class=\"attachment-full size-full wp-image-249\" alt=\"Carcan 1. peinture de l&#039;artiste Victor Anicet. Oeuvre originale. Ann\u00e9es 1975\" srcset=\"http:\/\/ladoration.fr\/vanicet\/wp-content\/uploads\/2018\/04\/Carcan-N\u00b01-768x1286_c.jpg 768w, http:\/\/ladoration.fr\/vanicet\/wp-content\/uploads\/2018\/04\/Carcan-N\u00b01-768x1286_c-179x300.jpg 179w, http:\/\/ladoration.fr\/vanicet\/wp-content\/uploads\/2018\/04\/Carcan-N\u00b01-768x1286_c-612x1024.jpg 612w\" sizes=\"(max-width: 768px) 100vw, 768px\" \/><\/a><\/figure><div class=\"elementor-image-box-content\"><h3 class=\"elementor-image-box-title\"><a href=\"http:\/\/ladoration.fr\/vanicet\/wp-content\/uploads\/2018\/04\/Carcan-N\u00b01-768x1286_c.jpg\" target=\"_blank\">Carcan 1<\/a><\/h3><\/div><\/div>\t\t<\/div>\n\t\t\t\t<\/div>\n\t\t\t\t\t<\/div>\n\t\t<\/div>\n\t\t\t\t<div class=\"elementor-column elementor-col-50 elementor-top-column elementor-element elementor-element-d6e60db\" data-id=\"d6e60db\" data-element_type=\"column\">\n\t\t\t<div class=\"elementor-widget-wrap elementor-element-populated\">\n\t\t\t\t\t\t<div class=\"elementor-element elementor-element-f3d45c0 elementor-position-top elementor-widget elementor-widget-image-box\" data-id=\"f3d45c0\" data-element_type=\"widget\" data-widget_type=\"image-box.default\">\n\t\t\t\t<div class=\"elementor-widget-container\">\n\t\t\t<div class=\"elementor-image-box-wrapper\"><figure class=\"elementor-image-box-img\"><a href=\"http:\/\/ladoration.fr\/vanicet\/wp-content\/uploads\/2018\/04\/CARCAN-N\u00b0-3-08-1536x1536_c.jpg\" target=\"_blank\" tabindex=\"-1\"><img decoding=\"async\" width=\"1536\" height=\"1536\" src=\"http:\/\/ladoration.fr\/vanicet\/wp-content\/uploads\/2018\/04\/CARCAN-N\u00b0-3-08-1536x1536_c.jpg\" class=\"attachment-full size-full wp-image-250\" alt=\"\" srcset=\"http:\/\/ladoration.fr\/vanicet\/wp-content\/uploads\/2018\/04\/CARCAN-N\u00b0-3-08-1536x1536_c.jpg 1536w, http:\/\/ladoration.fr\/vanicet\/wp-content\/uploads\/2018\/04\/CARCAN-N\u00b0-3-08-1536x1536_c-150x150.jpg 150w, http:\/\/ladoration.fr\/vanicet\/wp-content\/uploads\/2018\/04\/CARCAN-N\u00b0-3-08-1536x1536_c-300x300.jpg 300w, http:\/\/ladoration.fr\/vanicet\/wp-content\/uploads\/2018\/04\/CARCAN-N\u00b0-3-08-1536x1536_c-768x768.jpg 768w, http:\/\/ladoration.fr\/vanicet\/wp-content\/uploads\/2018\/04\/CARCAN-N\u00b0-3-08-1536x1536_c-1024x1024.jpg 1024w\" sizes=\"(max-width: 1536px) 100vw, 1536px\" \/><\/a><\/figure><div class=\"elementor-image-box-content\"><h3 class=\"elementor-image-box-title\"><a href=\"http:\/\/ladoration.fr\/vanicet\/wp-content\/uploads\/2018\/04\/CARCAN-N\u00b0-3-08-1536x1536_c.jpg\" target=\"_blank\">Carcan 3<\/a><\/h3><\/div><\/div>\t\t<\/div>\n\t\t\t\t<\/div>\n\t\t\t\t\t<\/div>\n\t\t<\/div>\n\t\t\t\t\t<\/div>\n\t\t<\/section>\n\t\t\t\t<section class=\"elementor-section elementor-top-section elementor-element elementor-element-da78467 elementor-section-boxed elementor-section-height-default elementor-section-height-default\" data-id=\"da78467\" data-element_type=\"section\">\n\t\t\t\t\t\t<div class=\"elementor-container elementor-column-gap-default\">\n\t\t\t\t\t<div class=\"elementor-column elementor-col-100 elementor-top-column elementor-element elementor-element-625d968\" data-id=\"625d968\" data-element_type=\"column\">\n\t\t\t<div class=\"elementor-widget-wrap elementor-element-populated\">\n\t\t\t\t\t\t<div class=\"elementor-element elementor-element-a34447c elementor-widget elementor-widget-text-editor\" data-id=\"a34447c\" data-element_type=\"widget\" data-widget_type=\"text-editor.default\">\n\t\t\t\t<div class=\"elementor-widget-container\">\n\t\t\t\t\t\t\t<p style=\"text-align: left;\"><span style=\"font-size: 14pt;\">Carcan. \u201cLes carcans\u201d est une s\u00e9rie de pi\u00e8ces qui fait partie des ann\u00e9es 1975. C\u2019est un travail qui est bas\u00e9 sur les carcans qui \u00e9taient utilis\u00e9s pour les esclaves.<\/span><\/p><p style=\"text-align: left;\"><span style=\"font-size: 14pt;\"><a href=\"https:\/\/mosaicmedias.net\/en-francais\/rencontre-avec-les-auteurs-et-les-artistes\/victor-anicet-en-francais\/\" target=\"_blank\" rel=\"noopener\">Voir l&rsquo;entretien de V. Anicet chez Mosa\u00efcmedias<\/a><\/span><\/p><p style=\"text-align: left;\"><a href=\"http:\/\/www.madinin-art.net\/traces-memoires-pour-lavenir\/\"><span style=\"font-size: 14pt;\">L&rsquo;article que lui a consacr\u00e9 Madinin&rsquo;art<\/span><\/a><\/p>\t\t\t\t\t\t<\/div>\n\t\t\t\t<\/div>\n\t\t\t\t\t<\/div>\n\t\t<\/div>\n\t\t\t\t\t<\/div>\n\t\t<\/section>\n\t\t\t\t<section class=\"elementor-section elementor-top-section elementor-element elementor-element-4664cc4d elementor-section-boxed elementor-section-height-default elementor-section-height-default\" data-id=\"4664cc4d\" data-element_type=\"section\">\n\t\t\t\t\t\t<div class=\"elementor-container elementor-column-gap-default\">\n\t\t\t\t\t<div class=\"elementor-column elementor-col-100 elementor-top-column elementor-element elementor-element-45403cbf\" data-id=\"45403cbf\" data-element_type=\"column\">\n\t\t\t<div class=\"elementor-widget-wrap elementor-element-populated\">\n\t\t\t\t\t\t<div class=\"elementor-element elementor-element-62c6e901 elementor-align-center elementor-widget elementor-widget-button\" data-id=\"62c6e901\" data-element_type=\"widget\" data-widget_type=\"button.default\">\n\t\t\t\t<div class=\"elementor-widget-container\">\n\t\t\t\t\t<div class=\"elementor-button-wrapper\">\n\t\t\t<a class=\"elementor-button elementor-button-link elementor-size-sm\" href=\"http:\/\/ladoration.fr\/vanicet\/restitutions\/\">\n\t\t\t\t\t\t<span class=\"elementor-button-content-wrapper\">\n\t\t\t\t\t\t\t\t\t<span class=\"elementor-button-text\">Retour \u00e0 la liste des oeuvres<\/span>\n\t\t\t\t\t<\/span>\n\t\t\t\t\t<\/a>\n\t\t<\/div>\n\t\t\t\t<\/div>\n\t\t\t\t<\/div>\n\t\t\t\t\t<\/div>\n\t\t<\/div>\n\t\t\t\t\t<\/div>\n\t\t<\/section>\n\t\t\t\t<\/div>\n\t\t","protected":false},"excerpt":{"rendered":"<p>Carcan 1 Carcan 3 Carcan. \u201cLes carcans\u201d est une s\u00e9rie de pi\u00e8ces qui fait partie des ann\u00e9es 1975. C\u2019est un travail qui est bas\u00e9 sur les carcans qui \u00e9taient utilis\u00e9s pour les esclaves. Voir l&rsquo;entretien de V. Anicet chez Mosa\u00efcmedias L&rsquo;article que lui a consacr\u00e9 Madinin&rsquo;art Retour \u00e0 la liste des oeuvres<\/p>\n","protected":false},"author":1,"featured_media":0,"parent":646,"menu_order":0,"comment_status":"closed","ping_status":"closed","template":"","meta":{"jetpack_post_was_ever_published":false,"footnotes":""},"class_list":["post-248","page","type-page","status-publish","hentry","blog-blocks-layout","blog-style-postblock","","blog-alt-odd"],"yoast_head":"<!-- This site is optimized with the Yoast SEO plugin v23.0 - https:\/\/yoast.com\/wordpress\/plugins\/seo\/ -->\n<title>carcan. Oeuvre originale de l&#039;artiste Victor Anicet (Martinique)<\/title>\n<meta name=\"description\" content=\"carcan.c&#039;est une s\u00e9rie de pi\u00e8ces (ann\u00e9es 1975). Un travail bas\u00e9 sur les carcans qui \u00e9taient utilis\u00e9s pour les esclaves.(...) Il y avait des supplices; on mettait des carcans autour du cou et aux pieds pour le transport. Les bateaux ne sont jamais partis sans carcans, et tous ces carcans ont leur histoire.\" \/>\n<meta name=\"robots\" content=\"index, follow, max-snippet:-1, max-image-preview:large, max-video-preview:-1\" \/>\n<link rel=\"canonical\" href=\"https:\/\/ladoration.fr\/vanicet\/restitutions\/signes\/carcans\/\" \/>\n<meta property=\"og:locale\" content=\"fr_FR\" \/>\n<meta property=\"og:type\" content=\"article\" \/>\n<meta property=\"og:title\" content=\"carcan. Oeuvre originale de l&#039;artiste Victor Anicet (Martinique)\" \/>\n<meta property=\"og:description\" content=\"carcan.c&#039;est une s\u00e9rie de pi\u00e8ces (ann\u00e9es 1975). Un travail bas\u00e9 sur les carcans qui \u00e9taient utilis\u00e9s pour les esclaves.(...) Il y avait des supplices; on mettait des carcans autour du cou et aux pieds pour le transport. Les bateaux ne sont jamais partis sans carcans, et tous ces carcans ont leur histoire.\" \/>\n<meta property=\"og:url\" content=\"https:\/\/ladoration.fr\/vanicet\/restitutions\/signes\/carcans\/\" \/>\n<meta property=\"og:site_name\" content=\"Victor Anicet\" \/>\n<meta property=\"article:modified_time\" content=\"2018-04-15T17:35:13+00:00\" \/>\n<meta name=\"twitter:card\" content=\"summary_large_image\" \/>\n<script type=\"application\/ld+json\" class=\"yoast-schema-graph\">{\"@context\":\"https:\/\/schema.org\",\"@graph\":[{\"@type\":\"WebPage\",\"@id\":\"https:\/\/ladoration.fr\/vanicet\/restitutions\/signes\/carcans\/\",\"url\":\"https:\/\/ladoration.fr\/vanicet\/restitutions\/signes\/carcans\/\",\"name\":\"carcan. Oeuvre originale de l'artiste Victor Anicet (Martinique)\",\"isPartOf\":{\"@id\":\"http:\/\/ladoration.fr\/vanicet\/#website\"},\"datePublished\":\"2018-04-05T09:14:20+00:00\",\"dateModified\":\"2018-04-15T17:35:13+00:00\",\"description\":\"carcan.c'est une s\u00e9rie de pi\u00e8ces (ann\u00e9es 1975). Un travail bas\u00e9 sur les carcans qui \u00e9taient utilis\u00e9s pour les esclaves.(...) Il y avait des supplices; on mettait des carcans autour du cou et aux pieds pour le transport. Les bateaux ne sont jamais partis sans carcans, et tous ces carcans ont leur histoire.\",\"breadcrumb\":{\"@id\":\"https:\/\/ladoration.fr\/vanicet\/restitutions\/signes\/carcans\/#breadcrumb\"},\"inLanguage\":\"fr-FR\",\"potentialAction\":[{\"@type\":\"ReadAction\",\"target\":[\"https:\/\/ladoration.fr\/vanicet\/restitutions\/signes\/carcans\/\"]}]},{\"@type\":\"BreadcrumbList\",\"@id\":\"https:\/\/ladoration.fr\/vanicet\/restitutions\/signes\/carcans\/#breadcrumb\",\"itemListElement\":[{\"@type\":\"ListItem\",\"position\":1,\"name\":\"Accueil\",\"item\":\"http:\/\/ladoration.fr\/vanicet\/\"},{\"@type\":\"ListItem\",\"position\":2,\"name\":\"Restitutions\",\"item\":\"https:\/\/ladoration.fr\/vanicet\/restitutions\/\"},{\"@type\":\"ListItem\",\"position\":3,\"name\":\"Signes\",\"item\":\"https:\/\/ladoration.fr\/vanicet\/restitutions\/signes\/\"},{\"@type\":\"ListItem\",\"position\":4,\"name\":\"Carcans\"}]},{\"@type\":\"WebSite\",\"@id\":\"http:\/\/ladoration.fr\/vanicet\/#website\",\"url\":\"http:\/\/ladoration.fr\/vanicet\/\",\"name\":\"Victor Anicet\",\"description\":\"Biface dit C\u00e9saire dans la Trag\u00e9die du Roi Christophe en pensant \u00e0 Janus, deux t\u00eates, deux directions, le pass\u00e9 et l&#039;Avenir\",\"potentialAction\":[{\"@type\":\"SearchAction\",\"target\":{\"@type\":\"EntryPoint\",\"urlTemplate\":\"http:\/\/ladoration.fr\/vanicet\/?s={search_term_string}\"},\"query-input\":\"required name=search_term_string\"}],\"inLanguage\":\"fr-FR\"}]}<\/script>\n<!-- \/ Yoast SEO plugin. -->","yoast_head_json":{"title":"carcan. Oeuvre originale de l'artiste Victor Anicet (Martinique)","description":"carcan.c'est une s\u00e9rie de pi\u00e8ces (ann\u00e9es 1975). Un travail bas\u00e9 sur les carcans qui \u00e9taient utilis\u00e9s pour les esclaves.(...) Il y avait des supplices; on mettait des carcans autour du cou et aux pieds pour le transport. Les bateaux ne sont jamais partis sans carcans, et tous ces carcans ont leur histoire.","robots":{"index":"index","follow":"follow","max-snippet":"max-snippet:-1","max-image-preview":"max-image-preview:large","max-video-preview":"max-video-preview:-1"},"canonical":"https:\/\/ladoration.fr\/vanicet\/restitutions\/signes\/carcans\/","og_locale":"fr_FR","og_type":"article","og_title":"carcan. Oeuvre originale de l'artiste Victor Anicet (Martinique)","og_description":"carcan.c'est une s\u00e9rie de pi\u00e8ces (ann\u00e9es 1975). Un travail bas\u00e9 sur les carcans qui \u00e9taient utilis\u00e9s pour les esclaves.(...) Il y avait des supplices; on mettait des carcans autour du cou et aux pieds pour le transport. Les bateaux ne sont jamais partis sans carcans, et tous ces carcans ont leur histoire.","og_url":"https:\/\/ladoration.fr\/vanicet\/restitutions\/signes\/carcans\/","og_site_name":"Victor Anicet","article_modified_time":"2018-04-15T17:35:13+00:00","twitter_card":"summary_large_image","schema":{"@context":"https:\/\/schema.org","@graph":[{"@type":"WebPage","@id":"https:\/\/ladoration.fr\/vanicet\/restitutions\/signes\/carcans\/","url":"https:\/\/ladoration.fr\/vanicet\/restitutions\/signes\/carcans\/","name":"carcan. Oeuvre originale de l'artiste Victor Anicet (Martinique)","isPartOf":{"@id":"http:\/\/ladoration.fr\/vanicet\/#website"},"datePublished":"2018-04-05T09:14:20+00:00","dateModified":"2018-04-15T17:35:13+00:00","description":"carcan.c'est une s\u00e9rie de pi\u00e8ces (ann\u00e9es 1975). Un travail bas\u00e9 sur les carcans qui \u00e9taient utilis\u00e9s pour les esclaves.(...) Il y avait des supplices; on mettait des carcans autour du cou et aux pieds pour le transport. Les bateaux ne sont jamais partis sans carcans, et tous ces carcans ont leur histoire.","breadcrumb":{"@id":"https:\/\/ladoration.fr\/vanicet\/restitutions\/signes\/carcans\/#breadcrumb"},"inLanguage":"fr-FR","potentialAction":[{"@type":"ReadAction","target":["https:\/\/ladoration.fr\/vanicet\/restitutions\/signes\/carcans\/"]}]},{"@type":"BreadcrumbList","@id":"https:\/\/ladoration.fr\/vanicet\/restitutions\/signes\/carcans\/#breadcrumb","itemListElement":[{"@type":"ListItem","position":1,"name":"Accueil","item":"http:\/\/ladoration.fr\/vanicet\/"},{"@type":"ListItem","position":2,"name":"Restitutions","item":"https:\/\/ladoration.fr\/vanicet\/restitutions\/"},{"@type":"ListItem","position":3,"name":"Signes","item":"https:\/\/ladoration.fr\/vanicet\/restitutions\/signes\/"},{"@type":"ListItem","position":4,"name":"Carcans"}]},{"@type":"WebSite","@id":"http:\/\/ladoration.fr\/vanicet\/#website","url":"http:\/\/ladoration.fr\/vanicet\/","name":"Victor Anicet","description":"Biface dit C\u00e9saire dans la Trag\u00e9die du Roi Christophe en pensant \u00e0 Janus, deux t\u00eates, deux directions, le pass\u00e9 et l&#039;Avenir","potentialAction":[{"@type":"SearchAction","target":{"@type":"EntryPoint","urlTemplate":"http:\/\/ladoration.fr\/vanicet\/?s={search_term_string}"},"query-input":"required name=search_term_string"}],"inLanguage":"fr-FR"}]}},"jetpack_sharing_enabled":true,"jetpack_shortlink":"https:\/\/wp.me\/Pax50O-40","_links":{"self":[{"href":"http:\/\/ladoration.fr\/vanicet\/wp-json\/wp\/v2\/pages\/248","targetHints":{"allow":["GET"]}}],"collection":[{"href":"http:\/\/ladoration.fr\/vanicet\/wp-json\/wp\/v2\/pages"}],"about":[{"href":"http:\/\/ladoration.fr\/vanicet\/wp-json\/wp\/v2\/types\/page"}],"author":[{"embeddable":true,"href":"http:\/\/ladoration.fr\/vanicet\/wp-json\/wp\/v2\/users\/1"}],"replies":[{"embeddable":true,"href":"http:\/\/ladoration.fr\/vanicet\/wp-json\/wp\/v2\/comments?post=248"}],"version-history":[{"count":23,"href":"http:\/\/ladoration.fr\/vanicet\/wp-json\/wp\/v2\/pages\/248\/revisions"}],"predecessor-version":[{"id":790,"href":"http:\/\/ladoration.fr\/vanicet\/wp-json\/wp\/v2\/pages\/248\/revisions\/790"}],"up":[{"embeddable":true,"href":"http:\/\/ladoration.fr\/vanicet\/wp-json\/wp\/v2\/pages\/646"}],"wp:attachment":[{"href":"http:\/\/ladoration.fr\/vanicet\/wp-json\/wp\/v2\/media?parent=248"}],"curies":[{"name":"wp","href":"https:\/\/api.w.org\/{rel}","templated":true}]}}