{"id":529,"date":"2018-04-11T12:10:53","date_gmt":"2018-04-11T10:10:53","guid":{"rendered":"http:\/\/ladoration.fr\/vanicet\/?page_id=529"},"modified":"2018-04-15T19:29:59","modified_gmt":"2018-04-15T17:29:59","slug":"liberte","status":"publish","type":"page","link":"http:\/\/ladoration.fr\/vanicet\/restitutions\/animations-murales\/liberte\/","title":{"rendered":"Libert\u00e9"},"content":{"rendered":"\t\t<div data-elementor-type=\"wp-post\" data-elementor-id=\"529\" class=\"elementor elementor-529 elementor-bc-flex-widget\">\n\t\t\t\t\t\t<section class=\"elementor-section elementor-top-section elementor-element elementor-element-58df612 elementor-section-boxed elementor-section-height-default elementor-section-height-default\" data-id=\"58df612\" data-element_type=\"section\">\n\t\t\t\t\t\t<div class=\"elementor-container elementor-column-gap-default\">\n\t\t\t\t\t<div class=\"elementor-column elementor-col-100 elementor-top-column elementor-element elementor-element-7dc3438\" data-id=\"7dc3438\" data-element_type=\"column\">\n\t\t\t<div class=\"elementor-widget-wrap elementor-element-populated\">\n\t\t\t\t\t\t<div class=\"elementor-element elementor-element-d0a896a elementor-widget elementor-widget-video\" data-id=\"d0a896a\" data-element_type=\"widget\" data-settings=\"{&quot;youtube_url&quot;:&quot;https:\\\/\\\/youtu.be\\\/CJ_6fHxGR3I&quot;,&quot;video_type&quot;:&quot;youtube&quot;,&quot;controls&quot;:&quot;yes&quot;}\" data-widget_type=\"video.default\">\n\t\t\t\t<div class=\"elementor-widget-container\">\n\t\t\t\t\t<div class=\"elementor-wrapper elementor-open-inline\">\n\t\t\t<div class=\"elementor-video\"><\/div>\t\t<\/div>\n\t\t\t\t<\/div>\n\t\t\t\t<\/div>\n\t\t\t\t<div class=\"elementor-element elementor-element-2e9806f elementor-widget elementor-widget-text-editor\" data-id=\"2e9806f\" data-element_type=\"widget\" data-widget_type=\"text-editor.default\">\n\t\t\t\t<div class=\"elementor-widget-container\">\n\t\t\t\t\t\t\t<p style=\"text-align: center;\">Ville de Schoelcher (Martinique). Animation murale de Victor Anicet<\/p>\t\t\t\t\t\t<\/div>\n\t\t\t\t<\/div>\n\t\t\t\t<div class=\"elementor-element elementor-element-3c96ca5 elementor-position-top elementor-widget elementor-widget-image-box\" data-id=\"3c96ca5\" data-element_type=\"widget\" data-widget_type=\"image-box.default\">\n\t\t\t\t<div class=\"elementor-widget-container\">\n\t\t\t<div class=\"elementor-image-box-wrapper\"><figure class=\"elementor-image-box-img\"><img fetchpriority=\"high\" decoding=\"async\" width=\"1000\" height=\"750\" src=\"http:\/\/ladoration.fr\/vanicet\/wp-content\/uploads\/2018\/04\/30032018-libert\u00e9.jpg\" class=\"attachment-full size-full wp-image-552\" alt=\"Libert\u00e9. Oeuvre de l&#039;artiste Victor Anicet sur pierre de Volvic. Travail en cours de r\u00e9alisation\" srcset=\"http:\/\/ladoration.fr\/vanicet\/wp-content\/uploads\/2018\/04\/30032018-libert\u00e9.jpg 1000w, http:\/\/ladoration.fr\/vanicet\/wp-content\/uploads\/2018\/04\/30032018-libert\u00e9-300x225.jpg 300w, http:\/\/ladoration.fr\/vanicet\/wp-content\/uploads\/2018\/04\/30032018-libert\u00e9-768x576.jpg 768w\" sizes=\"(max-width: 1000px) 100vw, 1000px\" \/><\/figure><div class=\"elementor-image-box-content\"><p class=\"elementor-image-box-description\">Travail sur pierre de Volvic: en cours de r\u00e9alisation<\/p><\/div><\/div>\t\t<\/div>\n\t\t\t\t<\/div>\n\t\t\t\t\t<\/div>\n\t\t<\/div>\n\t\t\t\t\t<\/div>\n\t\t<\/section>\n\t\t\t\t<section class=\"elementor-section elementor-top-section elementor-element elementor-element-6f338464 elementor-section-boxed elementor-section-height-default elementor-section-height-default\" data-id=\"6f338464\" data-element_type=\"section\">\n\t\t\t\t\t\t<div class=\"elementor-container elementor-column-gap-default\">\n\t\t\t\t\t<div class=\"elementor-column elementor-col-100 elementor-top-column elementor-element elementor-element-2744393a\" data-id=\"2744393a\" data-element_type=\"column\">\n\t\t\t<div class=\"elementor-widget-wrap elementor-element-populated\">\n\t\t\t\t\t\t<div class=\"elementor-element elementor-element-3963d459 elementor-align-center elementor-widget elementor-widget-button\" data-id=\"3963d459\" data-element_type=\"widget\" data-widget_type=\"button.default\">\n\t\t\t\t<div class=\"elementor-widget-container\">\n\t\t\t\t\t<div class=\"elementor-button-wrapper\">\n\t\t\t<a class=\"elementor-button elementor-button-link elementor-size-sm\" href=\"http:\/\/ladoration.fr\/vanicet\/restitutions\/\">\n\t\t\t\t\t\t<span class=\"elementor-button-content-wrapper\">\n\t\t\t\t\t\t\t\t\t<span class=\"elementor-button-text\">Retour \u00e0 la liste des oeuvres<\/span>\n\t\t\t\t\t<\/span>\n\t\t\t\t\t<\/a>\n\t\t<\/div>\n\t\t\t\t<\/div>\n\t\t\t\t<\/div>\n\t\t\t\t\t<\/div>\n\t\t<\/div>\n\t\t\t\t\t<\/div>\n\t\t<\/section>\n\t\t\t\t<\/div>\n\t\t","protected":false},"excerpt":{"rendered":"<p>https:\/\/youtu.be\/CJ_6fHxGR3I Ville de Schoelcher (Martinique). Animation murale de Victor Anicet Travail sur pierre de Volvic: en cours de r\u00e9alisation Retour \u00e0 la liste des oeuvres<\/p>\n","protected":false},"author":1,"featured_media":0,"parent":630,"menu_order":0,"comment_status":"closed","ping_status":"closed","template":"","meta":{"jetpack_post_was_ever_published":false,"footnotes":""},"class_list":["post-529","page","type-page","status-publish","hentry","blog-blocks-layout","blog-style-postblock","","blog-alt-odd"],"yoast_head":"<!-- This site is optimized with the Yoast SEO plugin v23.0 - https:\/\/yoast.com\/wordpress\/plugins\/seo\/ -->\n<title>Libert\u00e9. Animation murale de l&#039;artiste martiniquais Victor Anicet.<\/title>\n<meta name=\"description\" content=\"Libert\u00e9. Animation murale de l&#039;artiste martiniquais Victor Anicet, r\u00e9alis\u00e9e \u00e0 l&#039;entr\u00e9e de la ville derri\u00e8re la statue de V. Schoelcher.\" \/>\n<meta name=\"robots\" content=\"index, follow, max-snippet:-1, max-image-preview:large, max-video-preview:-1\" \/>\n<link rel=\"canonical\" href=\"http:\/\/ladoration.fr\/vanicet\/restitutions\/animations-murales\/liberte\/\" \/>\n<meta property=\"og:locale\" content=\"fr_FR\" \/>\n<meta property=\"og:type\" content=\"article\" \/>\n<meta property=\"og:title\" content=\"Libert\u00e9. Animation murale de l&#039;artiste martiniquais Victor Anicet.\" \/>\n<meta property=\"og:description\" content=\"Libert\u00e9. Animation murale de l&#039;artiste martiniquais Victor Anicet, r\u00e9alis\u00e9e \u00e0 l&#039;entr\u00e9e de la ville derri\u00e8re la statue de V. Schoelcher.\" \/>\n<meta property=\"og:url\" content=\"http:\/\/ladoration.fr\/vanicet\/restitutions\/animations-murales\/liberte\/\" \/>\n<meta property=\"og:site_name\" content=\"Victor Anicet\" \/>\n<meta property=\"article:modified_time\" content=\"2018-04-15T17:29:59+00:00\" \/>\n<meta name=\"twitter:card\" content=\"summary_large_image\" \/>\n<script type=\"application\/ld+json\" class=\"yoast-schema-graph\">{\"@context\":\"https:\/\/schema.org\",\"@graph\":[{\"@type\":\"WebPage\",\"@id\":\"http:\/\/ladoration.fr\/vanicet\/restitutions\/animations-murales\/liberte\/\",\"url\":\"http:\/\/ladoration.fr\/vanicet\/restitutions\/animations-murales\/liberte\/\",\"name\":\"Libert\u00e9. Animation murale de l'artiste martiniquais Victor Anicet.\",\"isPartOf\":{\"@id\":\"http:\/\/ladoration.fr\/vanicet\/#website\"},\"datePublished\":\"2018-04-11T10:10:53+00:00\",\"dateModified\":\"2018-04-15T17:29:59+00:00\",\"description\":\"Libert\u00e9. Animation murale de l'artiste martiniquais Victor Anicet, r\u00e9alis\u00e9e \u00e0 l'entr\u00e9e de la ville derri\u00e8re la statue de V. Schoelcher.\",\"breadcrumb\":{\"@id\":\"http:\/\/ladoration.fr\/vanicet\/restitutions\/animations-murales\/liberte\/#breadcrumb\"},\"inLanguage\":\"fr-FR\",\"potentialAction\":[{\"@type\":\"ReadAction\",\"target\":[\"http:\/\/ladoration.fr\/vanicet\/restitutions\/animations-murales\/liberte\/\"]}]},{\"@type\":\"BreadcrumbList\",\"@id\":\"http:\/\/ladoration.fr\/vanicet\/restitutions\/animations-murales\/liberte\/#breadcrumb\",\"itemListElement\":[{\"@type\":\"ListItem\",\"position\":1,\"name\":\"Accueil\",\"item\":\"http:\/\/ladoration.fr\/vanicet\/\"},{\"@type\":\"ListItem\",\"position\":2,\"name\":\"Restitutions\",\"item\":\"https:\/\/ladoration.fr\/vanicet\/restitutions\/\"},{\"@type\":\"ListItem\",\"position\":3,\"name\":\"Animations murales\",\"item\":\"http:\/\/ladoration.fr\/vanicet\/restitutions\/animations-murales\/\"},{\"@type\":\"ListItem\",\"position\":4,\"name\":\"Libert\u00e9\"}]},{\"@type\":\"WebSite\",\"@id\":\"http:\/\/ladoration.fr\/vanicet\/#website\",\"url\":\"http:\/\/ladoration.fr\/vanicet\/\",\"name\":\"Victor Anicet\",\"description\":\"Biface dit C\u00e9saire dans la Trag\u00e9die du Roi Christophe en pensant \u00e0 Janus, deux t\u00eates, deux directions, le pass\u00e9 et l&#039;Avenir\",\"potentialAction\":[{\"@type\":\"SearchAction\",\"target\":{\"@type\":\"EntryPoint\",\"urlTemplate\":\"http:\/\/ladoration.fr\/vanicet\/?s={search_term_string}\"},\"query-input\":\"required name=search_term_string\"}],\"inLanguage\":\"fr-FR\"}]}<\/script>\n<!-- \/ Yoast SEO plugin. -->","yoast_head_json":{"title":"Libert\u00e9. Animation murale de l'artiste martiniquais Victor Anicet.","description":"Libert\u00e9. Animation murale de l'artiste martiniquais Victor Anicet, r\u00e9alis\u00e9e \u00e0 l'entr\u00e9e de la ville derri\u00e8re la statue de V. Schoelcher.","robots":{"index":"index","follow":"follow","max-snippet":"max-snippet:-1","max-image-preview":"max-image-preview:large","max-video-preview":"max-video-preview:-1"},"canonical":"http:\/\/ladoration.fr\/vanicet\/restitutions\/animations-murales\/liberte\/","og_locale":"fr_FR","og_type":"article","og_title":"Libert\u00e9. Animation murale de l'artiste martiniquais Victor Anicet.","og_description":"Libert\u00e9. Animation murale de l'artiste martiniquais Victor Anicet, r\u00e9alis\u00e9e \u00e0 l'entr\u00e9e de la ville derri\u00e8re la statue de V. Schoelcher.","og_url":"http:\/\/ladoration.fr\/vanicet\/restitutions\/animations-murales\/liberte\/","og_site_name":"Victor Anicet","article_modified_time":"2018-04-15T17:29:59+00:00","twitter_card":"summary_large_image","schema":{"@context":"https:\/\/schema.org","@graph":[{"@type":"WebPage","@id":"http:\/\/ladoration.fr\/vanicet\/restitutions\/animations-murales\/liberte\/","url":"http:\/\/ladoration.fr\/vanicet\/restitutions\/animations-murales\/liberte\/","name":"Libert\u00e9. Animation murale de l'artiste martiniquais Victor Anicet.","isPartOf":{"@id":"http:\/\/ladoration.fr\/vanicet\/#website"},"datePublished":"2018-04-11T10:10:53+00:00","dateModified":"2018-04-15T17:29:59+00:00","description":"Libert\u00e9. Animation murale de l'artiste martiniquais Victor Anicet, r\u00e9alis\u00e9e \u00e0 l'entr\u00e9e de la ville derri\u00e8re la statue de V. Schoelcher.","breadcrumb":{"@id":"http:\/\/ladoration.fr\/vanicet\/restitutions\/animations-murales\/liberte\/#breadcrumb"},"inLanguage":"fr-FR","potentialAction":[{"@type":"ReadAction","target":["http:\/\/ladoration.fr\/vanicet\/restitutions\/animations-murales\/liberte\/"]}]},{"@type":"BreadcrumbList","@id":"http:\/\/ladoration.fr\/vanicet\/restitutions\/animations-murales\/liberte\/#breadcrumb","itemListElement":[{"@type":"ListItem","position":1,"name":"Accueil","item":"http:\/\/ladoration.fr\/vanicet\/"},{"@type":"ListItem","position":2,"name":"Restitutions","item":"https:\/\/ladoration.fr\/vanicet\/restitutions\/"},{"@type":"ListItem","position":3,"name":"Animations murales","item":"http:\/\/ladoration.fr\/vanicet\/restitutions\/animations-murales\/"},{"@type":"ListItem","position":4,"name":"Libert\u00e9"}]},{"@type":"WebSite","@id":"http:\/\/ladoration.fr\/vanicet\/#website","url":"http:\/\/ladoration.fr\/vanicet\/","name":"Victor Anicet","description":"Biface dit C\u00e9saire dans la Trag\u00e9die du Roi Christophe en pensant \u00e0 Janus, deux t\u00eates, deux directions, le pass\u00e9 et l&#039;Avenir","potentialAction":[{"@type":"SearchAction","target":{"@type":"EntryPoint","urlTemplate":"http:\/\/ladoration.fr\/vanicet\/?s={search_term_string}"},"query-input":"required name=search_term_string"}],"inLanguage":"fr-FR"}]}},"jetpack_sharing_enabled":true,"jetpack_shortlink":"https:\/\/wp.me\/Pax50O-8x","_links":{"self":[{"href":"http:\/\/ladoration.fr\/vanicet\/wp-json\/wp\/v2\/pages\/529","targetHints":{"allow":["GET"]}}],"collection":[{"href":"http:\/\/ladoration.fr\/vanicet\/wp-json\/wp\/v2\/pages"}],"about":[{"href":"http:\/\/ladoration.fr\/vanicet\/wp-json\/wp\/v2\/types\/page"}],"author":[{"embeddable":true,"href":"http:\/\/ladoration.fr\/vanicet\/wp-json\/wp\/v2\/users\/1"}],"replies":[{"embeddable":true,"href":"http:\/\/ladoration.fr\/vanicet\/wp-json\/wp\/v2\/comments?post=529"}],"version-history":[{"count":7,"href":"http:\/\/ladoration.fr\/vanicet\/wp-json\/wp\/v2\/pages\/529\/revisions"}],"predecessor-version":[{"id":779,"href":"http:\/\/ladoration.fr\/vanicet\/wp-json\/wp\/v2\/pages\/529\/revisions\/779"}],"up":[{"embeddable":true,"href":"http:\/\/ladoration.fr\/vanicet\/wp-json\/wp\/v2\/pages\/630"}],"wp:attachment":[{"href":"http:\/\/ladoration.fr\/vanicet\/wp-json\/wp\/v2\/media?parent=529"}],"curies":[{"name":"wp","href":"https:\/\/api.w.org\/{rel}","templated":true}]}}