{"id":539,"date":"2018-04-11T12:32:46","date_gmt":"2018-04-11T10:32:46","guid":{"rendered":"http:\/\/ladoration.fr\/vanicet\/?page_id=539"},"modified":"2018-04-15T19:29:26","modified_gmt":"2018-04-15T17:29:26","slug":"le-mur-du-marin","status":"publish","type":"page","link":"http:\/\/ladoration.fr\/vanicet\/restitutions\/animations-murales\/le-mur-du-marin\/","title":{"rendered":"Le mur du Marin"},"content":{"rendered":"\t\t<div data-elementor-type=\"wp-post\" data-elementor-id=\"539\" class=\"elementor elementor-539 elementor-bc-flex-widget\">\n\t\t\t\t\t\t<section class=\"elementor-section elementor-top-section elementor-element elementor-element-62d7c01 elementor-section-boxed elementor-section-height-default elementor-section-height-default\" data-id=\"62d7c01\" data-element_type=\"section\">\n\t\t\t\t\t\t<div class=\"elementor-container elementor-column-gap-default\">\n\t\t\t\t\t<div class=\"elementor-column elementor-col-100 elementor-top-column elementor-element elementor-element-97298f7\" data-id=\"97298f7\" data-element_type=\"column\">\n\t\t\t<div class=\"elementor-widget-wrap elementor-element-populated\">\n\t\t\t\t\t\t<div class=\"elementor-element elementor-element-6db9a97 elementor-widget elementor-widget-video\" data-id=\"6db9a97\" data-element_type=\"widget\" data-settings=\"{&quot;youtube_url&quot;:&quot;https:\\\/\\\/youtu.be\\\/ZE0EKIhjwdI&quot;,&quot;video_type&quot;:&quot;youtube&quot;,&quot;controls&quot;:&quot;yes&quot;}\" data-widget_type=\"video.default\">\n\t\t\t\t<div class=\"elementor-widget-container\">\n\t\t\t\t\t<div class=\"elementor-wrapper elementor-open-inline\">\n\t\t\t<div class=\"elementor-video\"><\/div>\t\t<\/div>\n\t\t\t\t<\/div>\n\t\t\t\t<\/div>\n\t\t\t\t\t<\/div>\n\t\t<\/div>\n\t\t\t\t\t<\/div>\n\t\t<\/section>\n\t\t\t\t<section class=\"elementor-section elementor-top-section elementor-element elementor-element-7efefe7 elementor-section-boxed elementor-section-height-default elementor-section-height-default\" data-id=\"7efefe7\" data-element_type=\"section\">\n\t\t\t\t\t\t<div class=\"elementor-container elementor-column-gap-default\">\n\t\t\t\t\t<div class=\"elementor-column elementor-col-100 elementor-top-column elementor-element elementor-element-2aa85c71\" data-id=\"2aa85c71\" data-element_type=\"column\">\n\t\t\t<div class=\"elementor-widget-wrap elementor-element-populated\">\n\t\t\t\t\t\t<div class=\"elementor-element elementor-element-f29995e elementor-align-center elementor-widget elementor-widget-button\" data-id=\"f29995e\" data-element_type=\"widget\" data-widget_type=\"button.default\">\n\t\t\t\t<div class=\"elementor-widget-container\">\n\t\t\t\t\t<div class=\"elementor-button-wrapper\">\n\t\t\t<a class=\"elementor-button elementor-button-link elementor-size-sm\" href=\"http:\/\/ladoration.fr\/vanicet\/restitutions\/\">\n\t\t\t\t\t\t<span class=\"elementor-button-content-wrapper\">\n\t\t\t\t\t\t\t\t\t<span class=\"elementor-button-text\">Retour \u00e0 la liste des oeuvres<\/span>\n\t\t\t\t\t<\/span>\n\t\t\t\t\t<\/a>\n\t\t<\/div>\n\t\t\t\t<\/div>\n\t\t\t\t<\/div>\n\t\t\t\t\t<\/div>\n\t\t<\/div>\n\t\t\t\t\t<\/div>\n\t\t<\/section>\n\t\t\t\t<\/div>\n\t\t","protected":false},"excerpt":{"rendered":"<p>Retour \u00e0 la liste des oeuvres<\/p>\n","protected":false},"author":1,"featured_media":0,"parent":630,"menu_order":0,"comment_status":"closed","ping_status":"closed","template":"","meta":{"jetpack_post_was_ever_published":false,"footnotes":""},"class_list":["post-539","page","type-page","status-publish","hentry","blog-blocks-layout","blog-style-postblock","","blog-alt-odd"],"yoast_head":"<!-- This site is optimized with the Yoast SEO plugin v23.0 - https:\/\/yoast.com\/wordpress\/plugins\/seo\/ -->\n<title>Le mur du Marin. Animation murale de l&#039;artiste martiniquais Victor Anicet<\/title>\n<meta name=\"description\" content=\"Le mur du Marin. Animation murale de l&#039;artiste martiniquais Victor Anicet sur un texte de l&#039;\u00e9crivain Martiniquais Monchoachi.\" \/>\n<meta name=\"robots\" content=\"index, follow, max-snippet:-1, max-image-preview:large, max-video-preview:-1\" \/>\n<link rel=\"canonical\" href=\"http:\/\/ladoration.fr\/vanicet\/restitutions\/animations-murales\/le-mur-du-marin\/\" \/>\n<meta property=\"og:locale\" content=\"fr_FR\" \/>\n<meta property=\"og:type\" content=\"article\" \/>\n<meta property=\"og:title\" content=\"Le mur du Marin. Animation murale de l&#039;artiste martiniquais Victor Anicet\" \/>\n<meta property=\"og:description\" content=\"Le mur du Marin. Animation murale de l&#039;artiste martiniquais Victor Anicet sur un texte de l&#039;\u00e9crivain Martiniquais Monchoachi.\" \/>\n<meta property=\"og:url\" content=\"http:\/\/ladoration.fr\/vanicet\/restitutions\/animations-murales\/le-mur-du-marin\/\" \/>\n<meta property=\"og:site_name\" content=\"Victor Anicet\" \/>\n<meta property=\"article:modified_time\" content=\"2018-04-15T17:29:26+00:00\" \/>\n<meta name=\"twitter:card\" content=\"summary_large_image\" \/>\n<script type=\"application\/ld+json\" class=\"yoast-schema-graph\">{\"@context\":\"https:\/\/schema.org\",\"@graph\":[{\"@type\":\"WebPage\",\"@id\":\"http:\/\/ladoration.fr\/vanicet\/restitutions\/animations-murales\/le-mur-du-marin\/\",\"url\":\"http:\/\/ladoration.fr\/vanicet\/restitutions\/animations-murales\/le-mur-du-marin\/\",\"name\":\"Le mur du Marin. Animation murale de l'artiste martiniquais Victor Anicet\",\"isPartOf\":{\"@id\":\"https:\/\/ladoration.fr\/vanicet\/#website\"},\"datePublished\":\"2018-04-11T10:32:46+00:00\",\"dateModified\":\"2018-04-15T17:29:26+00:00\",\"description\":\"Le mur du Marin. Animation murale de l'artiste martiniquais Victor Anicet sur un texte de l'\u00e9crivain Martiniquais Monchoachi.\",\"breadcrumb\":{\"@id\":\"http:\/\/ladoration.fr\/vanicet\/restitutions\/animations-murales\/le-mur-du-marin\/#breadcrumb\"},\"inLanguage\":\"fr-FR\",\"potentialAction\":[{\"@type\":\"ReadAction\",\"target\":[\"http:\/\/ladoration.fr\/vanicet\/restitutions\/animations-murales\/le-mur-du-marin\/\"]}]},{\"@type\":\"BreadcrumbList\",\"@id\":\"http:\/\/ladoration.fr\/vanicet\/restitutions\/animations-murales\/le-mur-du-marin\/#breadcrumb\",\"itemListElement\":[{\"@type\":\"ListItem\",\"position\":1,\"name\":\"Accueil\",\"item\":\"https:\/\/ladoration.fr\/vanicet\/\"},{\"@type\":\"ListItem\",\"position\":2,\"name\":\"Restitutions\",\"item\":\"https:\/\/ladoration.fr\/vanicet\/restitutions\/\"},{\"@type\":\"ListItem\",\"position\":3,\"name\":\"Animations murales\",\"item\":\"http:\/\/ladoration.fr\/vanicet\/restitutions\/animations-murales\/\"},{\"@type\":\"ListItem\",\"position\":4,\"name\":\"Le mur du Marin\"}]},{\"@type\":\"WebSite\",\"@id\":\"https:\/\/ladoration.fr\/vanicet\/#website\",\"url\":\"https:\/\/ladoration.fr\/vanicet\/\",\"name\":\"Victor Anicet\",\"description\":\"Biface dit C\u00e9saire dans la Trag\u00e9die du Roi Christophe en pensant \u00e0 Janus, deux t\u00eates, deux directions, le pass\u00e9 et l&#039;Avenir\",\"potentialAction\":[{\"@type\":\"SearchAction\",\"target\":{\"@type\":\"EntryPoint\",\"urlTemplate\":\"https:\/\/ladoration.fr\/vanicet\/?s={search_term_string}\"},\"query-input\":\"required name=search_term_string\"}],\"inLanguage\":\"fr-FR\"}]}<\/script>\n<!-- \/ Yoast SEO plugin. -->","yoast_head_json":{"title":"Le mur du Marin. Animation murale de l'artiste martiniquais Victor Anicet","description":"Le mur du Marin. Animation murale de l'artiste martiniquais Victor Anicet sur un texte de l'\u00e9crivain Martiniquais Monchoachi.","robots":{"index":"index","follow":"follow","max-snippet":"max-snippet:-1","max-image-preview":"max-image-preview:large","max-video-preview":"max-video-preview:-1"},"canonical":"http:\/\/ladoration.fr\/vanicet\/restitutions\/animations-murales\/le-mur-du-marin\/","og_locale":"fr_FR","og_type":"article","og_title":"Le mur du Marin. Animation murale de l'artiste martiniquais Victor Anicet","og_description":"Le mur du Marin. Animation murale de l'artiste martiniquais Victor Anicet sur un texte de l'\u00e9crivain Martiniquais Monchoachi.","og_url":"http:\/\/ladoration.fr\/vanicet\/restitutions\/animations-murales\/le-mur-du-marin\/","og_site_name":"Victor Anicet","article_modified_time":"2018-04-15T17:29:26+00:00","twitter_card":"summary_large_image","schema":{"@context":"https:\/\/schema.org","@graph":[{"@type":"WebPage","@id":"http:\/\/ladoration.fr\/vanicet\/restitutions\/animations-murales\/le-mur-du-marin\/","url":"http:\/\/ladoration.fr\/vanicet\/restitutions\/animations-murales\/le-mur-du-marin\/","name":"Le mur du Marin. Animation murale de l'artiste martiniquais Victor Anicet","isPartOf":{"@id":"https:\/\/ladoration.fr\/vanicet\/#website"},"datePublished":"2018-04-11T10:32:46+00:00","dateModified":"2018-04-15T17:29:26+00:00","description":"Le mur du Marin. Animation murale de l'artiste martiniquais Victor Anicet sur un texte de l'\u00e9crivain Martiniquais Monchoachi.","breadcrumb":{"@id":"http:\/\/ladoration.fr\/vanicet\/restitutions\/animations-murales\/le-mur-du-marin\/#breadcrumb"},"inLanguage":"fr-FR","potentialAction":[{"@type":"ReadAction","target":["http:\/\/ladoration.fr\/vanicet\/restitutions\/animations-murales\/le-mur-du-marin\/"]}]},{"@type":"BreadcrumbList","@id":"http:\/\/ladoration.fr\/vanicet\/restitutions\/animations-murales\/le-mur-du-marin\/#breadcrumb","itemListElement":[{"@type":"ListItem","position":1,"name":"Accueil","item":"https:\/\/ladoration.fr\/vanicet\/"},{"@type":"ListItem","position":2,"name":"Restitutions","item":"https:\/\/ladoration.fr\/vanicet\/restitutions\/"},{"@type":"ListItem","position":3,"name":"Animations murales","item":"http:\/\/ladoration.fr\/vanicet\/restitutions\/animations-murales\/"},{"@type":"ListItem","position":4,"name":"Le mur du Marin"}]},{"@type":"WebSite","@id":"https:\/\/ladoration.fr\/vanicet\/#website","url":"https:\/\/ladoration.fr\/vanicet\/","name":"Victor Anicet","description":"Biface dit C\u00e9saire dans la Trag\u00e9die du Roi Christophe en pensant \u00e0 Janus, deux t\u00eates, deux directions, le pass\u00e9 et l&#039;Avenir","potentialAction":[{"@type":"SearchAction","target":{"@type":"EntryPoint","urlTemplate":"https:\/\/ladoration.fr\/vanicet\/?s={search_term_string}"},"query-input":"required name=search_term_string"}],"inLanguage":"fr-FR"}]}},"jetpack_sharing_enabled":true,"jetpack_shortlink":"https:\/\/wp.me\/Pax50O-8H","_links":{"self":[{"href":"http:\/\/ladoration.fr\/vanicet\/wp-json\/wp\/v2\/pages\/539","targetHints":{"allow":["GET"]}}],"collection":[{"href":"http:\/\/ladoration.fr\/vanicet\/wp-json\/wp\/v2\/pages"}],"about":[{"href":"http:\/\/ladoration.fr\/vanicet\/wp-json\/wp\/v2\/types\/page"}],"author":[{"embeddable":true,"href":"http:\/\/ladoration.fr\/vanicet\/wp-json\/wp\/v2\/users\/1"}],"replies":[{"embeddable":true,"href":"http:\/\/ladoration.fr\/vanicet\/wp-json\/wp\/v2\/comments?post=539"}],"version-history":[{"count":3,"href":"http:\/\/ladoration.fr\/vanicet\/wp-json\/wp\/v2\/pages\/539\/revisions"}],"predecessor-version":[{"id":778,"href":"http:\/\/ladoration.fr\/vanicet\/wp-json\/wp\/v2\/pages\/539\/revisions\/778"}],"up":[{"embeddable":true,"href":"http:\/\/ladoration.fr\/vanicet\/wp-json\/wp\/v2\/pages\/630"}],"wp:attachment":[{"href":"http:\/\/ladoration.fr\/vanicet\/wp-json\/wp\/v2\/media?parent=539"}],"curies":[{"name":"wp","href":"https:\/\/api.w.org\/{rel}","templated":true}]}}