{"id":572,"date":"2018-04-13T11:44:54","date_gmt":"2018-04-13T09:44:54","guid":{"rendered":"http:\/\/ladoration.fr\/vanicet\/?page_id=572"},"modified":"2018-04-15T19:28:56","modified_gmt":"2018-04-15T17:28:56","slug":"fresque-de-lecole-fond-lahaye","status":"publish","type":"page","link":"http:\/\/ladoration.fr\/vanicet\/restitutions\/animations-murales\/fresque-de-lecole-fond-lahaye\/","title":{"rendered":"Fresque de l&rsquo;Ecole Fond Lahaye"},"content":{"rendered":"\t\t<div data-elementor-type=\"wp-post\" data-elementor-id=\"572\" class=\"elementor elementor-572 elementor-bc-flex-widget\">\n\t\t\t\t\t\t<section class=\"elementor-section elementor-top-section elementor-element elementor-element-bc4d987 elementor-section-boxed elementor-section-height-default elementor-section-height-default\" data-id=\"bc4d987\" data-element_type=\"section\">\n\t\t\t\t\t\t<div class=\"elementor-container elementor-column-gap-default\">\n\t\t\t\t\t<div class=\"elementor-column elementor-col-100 elementor-top-column elementor-element elementor-element-6f63291\" data-id=\"6f63291\" data-element_type=\"column\">\n\t\t\t<div class=\"elementor-widget-wrap elementor-element-populated\">\n\t\t\t\t\t\t<div class=\"elementor-element elementor-element-fbc3c0a elementor-position-top elementor-widget elementor-widget-image-box\" data-id=\"fbc3c0a\" data-element_type=\"widget\" data-widget_type=\"image-box.default\">\n\t\t\t\t<div class=\"elementor-widget-container\">\n\t\t\t<div class=\"elementor-image-box-wrapper\"><figure class=\"elementor-image-box-img\"><img fetchpriority=\"high\" decoding=\"async\" width=\"944\" height=\"1000\" src=\"http:\/\/ladoration.fr\/vanicet\/wp-content\/uploads\/2018\/04\/30032018-fresque-Fond-Lahaye-1.jpg\" class=\"attachment-full size-full wp-image-576\" alt=\"fresque Fond Lahaye. Oeuvre murale de l&#039;artiste martiniquais Victor Anicet\" srcset=\"http:\/\/ladoration.fr\/vanicet\/wp-content\/uploads\/2018\/04\/30032018-fresque-Fond-Lahaye-1.jpg 944w, http:\/\/ladoration.fr\/vanicet\/wp-content\/uploads\/2018\/04\/30032018-fresque-Fond-Lahaye-1-283x300.jpg 283w, http:\/\/ladoration.fr\/vanicet\/wp-content\/uploads\/2018\/04\/30032018-fresque-Fond-Lahaye-1-768x814.jpg 768w\" sizes=\"(max-width: 944px) 100vw, 944px\" \/><\/figure><div class=\"elementor-image-box-content\"><h3 class=\"elementor-image-box-title\"> 1990: fresque r\u00e9alis\u00e9e \u00e0 l'Ecole de Fond Lahaye<\/h3><\/div><\/div>\t\t<\/div>\n\t\t\t\t<\/div>\n\t\t\t\t\t<\/div>\n\t\t<\/div>\n\t\t\t\t\t<\/div>\n\t\t<\/section>\n\t\t\t\t<section class=\"elementor-section elementor-top-section elementor-element elementor-element-47b99b16 elementor-section-boxed elementor-section-height-default elementor-section-height-default\" data-id=\"47b99b16\" data-element_type=\"section\">\n\t\t\t\t\t\t<div class=\"elementor-container elementor-column-gap-default\">\n\t\t\t\t\t<div class=\"elementor-column elementor-col-100 elementor-top-column elementor-element elementor-element-7b08860d\" data-id=\"7b08860d\" data-element_type=\"column\">\n\t\t\t<div class=\"elementor-widget-wrap elementor-element-populated\">\n\t\t\t\t\t\t<div class=\"elementor-element elementor-element-4a19211a elementor-align-center elementor-widget elementor-widget-button\" data-id=\"4a19211a\" data-element_type=\"widget\" data-widget_type=\"button.default\">\n\t\t\t\t<div class=\"elementor-widget-container\">\n\t\t\t\t\t<div class=\"elementor-button-wrapper\">\n\t\t\t<a class=\"elementor-button elementor-button-link elementor-size-sm\" href=\"http:\/\/ladoration.fr\/vanicet\/restitutions\/\">\n\t\t\t\t\t\t<span class=\"elementor-button-content-wrapper\">\n\t\t\t\t\t\t\t\t\t<span class=\"elementor-button-text\">Retour \u00e0 la liste des oeuvres<\/span>\n\t\t\t\t\t<\/span>\n\t\t\t\t\t<\/a>\n\t\t<\/div>\n\t\t\t\t<\/div>\n\t\t\t\t<\/div>\n\t\t\t\t\t<\/div>\n\t\t<\/div>\n\t\t\t\t\t<\/div>\n\t\t<\/section>\n\t\t\t\t<\/div>\n\t\t","protected":false},"excerpt":{"rendered":"<p>1990: fresque r\u00e9alis\u00e9e \u00e0 l&rsquo;Ecole de Fond Lahaye Retour \u00e0 la liste des oeuvres<\/p>\n","protected":false},"author":1,"featured_media":0,"parent":630,"menu_order":0,"comment_status":"closed","ping_status":"closed","template":"","meta":{"jetpack_post_was_ever_published":false,"footnotes":""},"class_list":["post-572","page","type-page","status-publish","hentry","blog-blocks-layout","blog-style-postblock","","blog-alt-odd"],"yoast_head":"<!-- This site is optimized with the Yoast SEO plugin v23.0 - https:\/\/yoast.com\/wordpress\/plugins\/seo\/ -->\n<title>fresque Fond Lahaye<\/title>\n<meta name=\"description\" content=\"fresque Fond Lahaye\" \/>\n<meta name=\"robots\" content=\"index, follow, max-snippet:-1, max-image-preview:large, max-video-preview:-1\" \/>\n<link rel=\"canonical\" href=\"http:\/\/ladoration.fr\/vanicet\/restitutions\/animations-murales\/fresque-de-lecole-fond-lahaye\/\" \/>\n<meta property=\"og:locale\" content=\"fr_FR\" \/>\n<meta property=\"og:type\" content=\"article\" \/>\n<meta property=\"og:title\" content=\"fresque Fond Lahaye\" \/>\n<meta property=\"og:description\" content=\"fresque Fond Lahaye\" \/>\n<meta property=\"og:url\" content=\"http:\/\/ladoration.fr\/vanicet\/restitutions\/animations-murales\/fresque-de-lecole-fond-lahaye\/\" \/>\n<meta property=\"og:site_name\" content=\"Victor Anicet\" \/>\n<meta property=\"article:modified_time\" content=\"2018-04-15T17:28:56+00:00\" \/>\n<meta property=\"og:image\" content=\"http:\/\/ladoration.fr\/vanicet\/wp-content\/uploads\/2018\/04\/30032018-fresque-Fond-Lahaye-1.jpg\" \/>\n<meta name=\"twitter:card\" content=\"summary_large_image\" \/>\n<script type=\"application\/ld+json\" class=\"yoast-schema-graph\">{\"@context\":\"https:\/\/schema.org\",\"@graph\":[{\"@type\":\"WebPage\",\"@id\":\"http:\/\/ladoration.fr\/vanicet\/restitutions\/animations-murales\/fresque-de-lecole-fond-lahaye\/\",\"url\":\"http:\/\/ladoration.fr\/vanicet\/restitutions\/animations-murales\/fresque-de-lecole-fond-lahaye\/\",\"name\":\"fresque Fond Lahaye\",\"isPartOf\":{\"@id\":\"http:\/\/ladoration.fr\/vanicet\/#website\"},\"primaryImageOfPage\":{\"@id\":\"http:\/\/ladoration.fr\/vanicet\/restitutions\/animations-murales\/fresque-de-lecole-fond-lahaye\/#primaryimage\"},\"image\":{\"@id\":\"http:\/\/ladoration.fr\/vanicet\/restitutions\/animations-murales\/fresque-de-lecole-fond-lahaye\/#primaryimage\"},\"thumbnailUrl\":\"http:\/\/ladoration.fr\/vanicet\/wp-content\/uploads\/2018\/04\/30032018-fresque-Fond-Lahaye-1.jpg\",\"datePublished\":\"2018-04-13T09:44:54+00:00\",\"dateModified\":\"2018-04-15T17:28:56+00:00\",\"description\":\"fresque Fond Lahaye\",\"breadcrumb\":{\"@id\":\"http:\/\/ladoration.fr\/vanicet\/restitutions\/animations-murales\/fresque-de-lecole-fond-lahaye\/#breadcrumb\"},\"inLanguage\":\"fr-FR\",\"potentialAction\":[{\"@type\":\"ReadAction\",\"target\":[\"http:\/\/ladoration.fr\/vanicet\/restitutions\/animations-murales\/fresque-de-lecole-fond-lahaye\/\"]}]},{\"@type\":\"ImageObject\",\"inLanguage\":\"fr-FR\",\"@id\":\"http:\/\/ladoration.fr\/vanicet\/restitutions\/animations-murales\/fresque-de-lecole-fond-lahaye\/#primaryimage\",\"url\":\"http:\/\/ladoration.fr\/vanicet\/wp-content\/uploads\/2018\/04\/30032018-fresque-Fond-Lahaye-1.jpg\",\"contentUrl\":\"http:\/\/ladoration.fr\/vanicet\/wp-content\/uploads\/2018\/04\/30032018-fresque-Fond-Lahaye-1.jpg\",\"width\":944,\"height\":1000,\"caption\":\"fresque Fond Lahaye. Oeuvre murale de l'artiste martiniquais Victor Anicet\"},{\"@type\":\"BreadcrumbList\",\"@id\":\"http:\/\/ladoration.fr\/vanicet\/restitutions\/animations-murales\/fresque-de-lecole-fond-lahaye\/#breadcrumb\",\"itemListElement\":[{\"@type\":\"ListItem\",\"position\":1,\"name\":\"Accueil\",\"item\":\"http:\/\/ladoration.fr\/vanicet\/\"},{\"@type\":\"ListItem\",\"position\":2,\"name\":\"Restitutions\",\"item\":\"https:\/\/ladoration.fr\/vanicet\/restitutions\/\"},{\"@type\":\"ListItem\",\"position\":3,\"name\":\"Animations murales\",\"item\":\"http:\/\/ladoration.fr\/vanicet\/restitutions\/animations-murales\/\"},{\"@type\":\"ListItem\",\"position\":4,\"name\":\"Fresque de l&rsquo;Ecole Fond Lahaye\"}]},{\"@type\":\"WebSite\",\"@id\":\"http:\/\/ladoration.fr\/vanicet\/#website\",\"url\":\"http:\/\/ladoration.fr\/vanicet\/\",\"name\":\"Victor Anicet\",\"description\":\"Biface dit C\u00e9saire dans la Trag\u00e9die du Roi Christophe en pensant \u00e0 Janus, deux t\u00eates, deux directions, le pass\u00e9 et l&#039;Avenir\",\"potentialAction\":[{\"@type\":\"SearchAction\",\"target\":{\"@type\":\"EntryPoint\",\"urlTemplate\":\"http:\/\/ladoration.fr\/vanicet\/?s={search_term_string}\"},\"query-input\":\"required name=search_term_string\"}],\"inLanguage\":\"fr-FR\"}]}<\/script>\n<!-- \/ Yoast SEO plugin. -->","yoast_head_json":{"title":"fresque Fond Lahaye","description":"fresque Fond Lahaye","robots":{"index":"index","follow":"follow","max-snippet":"max-snippet:-1","max-image-preview":"max-image-preview:large","max-video-preview":"max-video-preview:-1"},"canonical":"http:\/\/ladoration.fr\/vanicet\/restitutions\/animations-murales\/fresque-de-lecole-fond-lahaye\/","og_locale":"fr_FR","og_type":"article","og_title":"fresque Fond Lahaye","og_description":"fresque Fond Lahaye","og_url":"http:\/\/ladoration.fr\/vanicet\/restitutions\/animations-murales\/fresque-de-lecole-fond-lahaye\/","og_site_name":"Victor Anicet","article_modified_time":"2018-04-15T17:28:56+00:00","og_image":[{"url":"http:\/\/ladoration.fr\/vanicet\/wp-content\/uploads\/2018\/04\/30032018-fresque-Fond-Lahaye-1.jpg"}],"twitter_card":"summary_large_image","schema":{"@context":"https:\/\/schema.org","@graph":[{"@type":"WebPage","@id":"http:\/\/ladoration.fr\/vanicet\/restitutions\/animations-murales\/fresque-de-lecole-fond-lahaye\/","url":"http:\/\/ladoration.fr\/vanicet\/restitutions\/animations-murales\/fresque-de-lecole-fond-lahaye\/","name":"fresque Fond Lahaye","isPartOf":{"@id":"http:\/\/ladoration.fr\/vanicet\/#website"},"primaryImageOfPage":{"@id":"http:\/\/ladoration.fr\/vanicet\/restitutions\/animations-murales\/fresque-de-lecole-fond-lahaye\/#primaryimage"},"image":{"@id":"http:\/\/ladoration.fr\/vanicet\/restitutions\/animations-murales\/fresque-de-lecole-fond-lahaye\/#primaryimage"},"thumbnailUrl":"http:\/\/ladoration.fr\/vanicet\/wp-content\/uploads\/2018\/04\/30032018-fresque-Fond-Lahaye-1.jpg","datePublished":"2018-04-13T09:44:54+00:00","dateModified":"2018-04-15T17:28:56+00:00","description":"fresque Fond Lahaye","breadcrumb":{"@id":"http:\/\/ladoration.fr\/vanicet\/restitutions\/animations-murales\/fresque-de-lecole-fond-lahaye\/#breadcrumb"},"inLanguage":"fr-FR","potentialAction":[{"@type":"ReadAction","target":["http:\/\/ladoration.fr\/vanicet\/restitutions\/animations-murales\/fresque-de-lecole-fond-lahaye\/"]}]},{"@type":"ImageObject","inLanguage":"fr-FR","@id":"http:\/\/ladoration.fr\/vanicet\/restitutions\/animations-murales\/fresque-de-lecole-fond-lahaye\/#primaryimage","url":"http:\/\/ladoration.fr\/vanicet\/wp-content\/uploads\/2018\/04\/30032018-fresque-Fond-Lahaye-1.jpg","contentUrl":"http:\/\/ladoration.fr\/vanicet\/wp-content\/uploads\/2018\/04\/30032018-fresque-Fond-Lahaye-1.jpg","width":944,"height":1000,"caption":"fresque Fond Lahaye. Oeuvre murale de l'artiste martiniquais Victor Anicet"},{"@type":"BreadcrumbList","@id":"http:\/\/ladoration.fr\/vanicet\/restitutions\/animations-murales\/fresque-de-lecole-fond-lahaye\/#breadcrumb","itemListElement":[{"@type":"ListItem","position":1,"name":"Accueil","item":"http:\/\/ladoration.fr\/vanicet\/"},{"@type":"ListItem","position":2,"name":"Restitutions","item":"https:\/\/ladoration.fr\/vanicet\/restitutions\/"},{"@type":"ListItem","position":3,"name":"Animations murales","item":"http:\/\/ladoration.fr\/vanicet\/restitutions\/animations-murales\/"},{"@type":"ListItem","position":4,"name":"Fresque de l&rsquo;Ecole Fond Lahaye"}]},{"@type":"WebSite","@id":"http:\/\/ladoration.fr\/vanicet\/#website","url":"http:\/\/ladoration.fr\/vanicet\/","name":"Victor Anicet","description":"Biface dit C\u00e9saire dans la Trag\u00e9die du Roi Christophe en pensant \u00e0 Janus, deux t\u00eates, deux directions, le pass\u00e9 et l&#039;Avenir","potentialAction":[{"@type":"SearchAction","target":{"@type":"EntryPoint","urlTemplate":"http:\/\/ladoration.fr\/vanicet\/?s={search_term_string}"},"query-input":"required name=search_term_string"}],"inLanguage":"fr-FR"}]}},"jetpack_sharing_enabled":true,"jetpack_shortlink":"https:\/\/wp.me\/Pax50O-9e","_links":{"self":[{"href":"http:\/\/ladoration.fr\/vanicet\/wp-json\/wp\/v2\/pages\/572","targetHints":{"allow":["GET"]}}],"collection":[{"href":"http:\/\/ladoration.fr\/vanicet\/wp-json\/wp\/v2\/pages"}],"about":[{"href":"http:\/\/ladoration.fr\/vanicet\/wp-json\/wp\/v2\/types\/page"}],"author":[{"embeddable":true,"href":"http:\/\/ladoration.fr\/vanicet\/wp-json\/wp\/v2\/users\/1"}],"replies":[{"embeddable":true,"href":"http:\/\/ladoration.fr\/vanicet\/wp-json\/wp\/v2\/comments?post=572"}],"version-history":[{"count":5,"href":"http:\/\/ladoration.fr\/vanicet\/wp-json\/wp\/v2\/pages\/572\/revisions"}],"predecessor-version":[{"id":777,"href":"http:\/\/ladoration.fr\/vanicet\/wp-json\/wp\/v2\/pages\/572\/revisions\/777"}],"up":[{"embeddable":true,"href":"http:\/\/ladoration.fr\/vanicet\/wp-json\/wp\/v2\/pages\/630"}],"wp:attachment":[{"href":"http:\/\/ladoration.fr\/vanicet\/wp-json\/wp\/v2\/media?parent=572"}],"curies":[{"name":"wp","href":"https:\/\/api.w.org\/{rel}","templated":true}]}}