{"id":644,"date":"2018-04-14T19:16:27","date_gmt":"2018-04-14T17:16:27","guid":{"rendered":"http:\/\/ladoration.fr\/vanicet\/?page_id=644"},"modified":"2019-12-31T10:46:31","modified_gmt":"2019-12-31T09:46:31","slug":"tombe-dedouard-glissant","status":"publish","type":"page","link":"http:\/\/ladoration.fr\/vanicet\/restitutions\/tombe-dedouard-glissant\/","title":{"rendered":"Tombe d&rsquo;Edouard Glissant"},"content":{"rendered":"\t\t<div data-elementor-type=\"wp-post\" data-elementor-id=\"644\" class=\"elementor elementor-644 elementor-bc-flex-widget\">\n\t\t\t\t\t\t<section class=\"elementor-section elementor-top-section elementor-element elementor-element-1a416a30 elementor-section-boxed elementor-section-height-default elementor-section-height-default\" data-id=\"1a416a30\" data-element_type=\"section\">\n\t\t\t\t\t\t<div class=\"elementor-container elementor-column-gap-default\">\n\t\t\t\t\t<div class=\"elementor-column elementor-col-100 elementor-top-column elementor-element elementor-element-24e184fb\" data-id=\"24e184fb\" data-element_type=\"column\">\n\t\t\t<div class=\"elementor-widget-wrap elementor-element-populated\">\n\t\t\t\t\t\t<div class=\"elementor-element elementor-element-7de0fa3e elementor-widget elementor-widget-wp-widget-nav_menu\" data-id=\"7de0fa3e\" data-element_type=\"widget\" data-widget_type=\"wp-widget-nav_menu.default\">\n\t\t\t\t<div class=\"elementor-widget-container\">\n\t\t\t<div class=\"menu-tombe-dedouard-glissant-container\"><ul id=\"menu-tombe-dedouard-glissant\" class=\"menu\"><li id=\"menu-item-734\" class=\"menu-item menu-item-type-post_type menu-item-object-page menu-item-734\"><a href=\"http:\/\/ladoration.fr\/vanicet\/restitutions\/tombe-dedouard-glissant\/presence-de-lest-multiple\/\">Et la pr\u00e9sence de l&rsquo;Est multiple<\/a><\/li>\n<\/ul><\/div>\t\t<\/div>\n\t\t\t\t<\/div>\n\t\t\t\t\t<\/div>\n\t\t<\/div>\n\t\t\t\t\t<\/div>\n\t\t<\/section>\n\t\t\t\t<\/div>\n\t\t","protected":false},"excerpt":{"rendered":"","protected":false},"author":1,"featured_media":0,"parent":241,"menu_order":0,"comment_status":"closed","ping_status":"closed","template":"","meta":{"jetpack_post_was_ever_published":false,"footnotes":""},"class_list":["post-644","page","type-page","status-publish","hentry","blog-blocks-layout","blog-style-postblock","","blog-alt-odd"],"yoast_head":"<!-- This site is optimized with the Yoast SEO plugin v23.0 - https:\/\/yoast.com\/wordpress\/plugins\/seo\/ -->\n<title>Mosa\u00efque pour la tombe d&#039;Edouard Glissant<\/title>\n<meta name=\"robots\" content=\"index, follow, max-snippet:-1, max-image-preview:large, max-video-preview:-1\" \/>\n<link rel=\"canonical\" href=\"https:\/\/ladoration.fr\/vanicet\/restitutions\/tombe-dedouard-glissant\/\" \/>\n<meta property=\"og:locale\" content=\"fr_FR\" \/>\n<meta property=\"og:type\" content=\"article\" \/>\n<meta property=\"og:title\" content=\"Mosa\u00efque pour la tombe d&#039;Edouard Glissant\" \/>\n<meta property=\"og:url\" content=\"https:\/\/ladoration.fr\/vanicet\/restitutions\/tombe-dedouard-glissant\/\" \/>\n<meta property=\"og:site_name\" content=\"Victor Anicet\" \/>\n<meta property=\"article:modified_time\" content=\"2019-12-31T09:46:31+00:00\" \/>\n<meta name=\"twitter:card\" content=\"summary_large_image\" \/>\n<script type=\"application\/ld+json\" class=\"yoast-schema-graph\">{\"@context\":\"https:\/\/schema.org\",\"@graph\":[{\"@type\":\"WebPage\",\"@id\":\"https:\/\/ladoration.fr\/vanicet\/restitutions\/tombe-dedouard-glissant\/\",\"url\":\"https:\/\/ladoration.fr\/vanicet\/restitutions\/tombe-dedouard-glissant\/\",\"name\":\"Mosa\u00efque pour la tombe d'Edouard Glissant\",\"isPartOf\":{\"@id\":\"http:\/\/ladoration.fr\/vanicet\/#website\"},\"datePublished\":\"2018-04-14T17:16:27+00:00\",\"dateModified\":\"2019-12-31T09:46:31+00:00\",\"breadcrumb\":{\"@id\":\"https:\/\/ladoration.fr\/vanicet\/restitutions\/tombe-dedouard-glissant\/#breadcrumb\"},\"inLanguage\":\"fr-FR\",\"potentialAction\":[{\"@type\":\"ReadAction\",\"target\":[\"https:\/\/ladoration.fr\/vanicet\/restitutions\/tombe-dedouard-glissant\/\"]}]},{\"@type\":\"BreadcrumbList\",\"@id\":\"https:\/\/ladoration.fr\/vanicet\/restitutions\/tombe-dedouard-glissant\/#breadcrumb\",\"itemListElement\":[{\"@type\":\"ListItem\",\"position\":1,\"name\":\"Accueil\",\"item\":\"http:\/\/ladoration.fr\/vanicet\/\"},{\"@type\":\"ListItem\",\"position\":2,\"name\":\"Restitutions\",\"item\":\"https:\/\/ladoration.fr\/vanicet\/restitutions\/\"},{\"@type\":\"ListItem\",\"position\":3,\"name\":\"Tombe d&rsquo;Edouard Glissant\"}]},{\"@type\":\"WebSite\",\"@id\":\"http:\/\/ladoration.fr\/vanicet\/#website\",\"url\":\"http:\/\/ladoration.fr\/vanicet\/\",\"name\":\"Victor Anicet\",\"description\":\"Biface dit C\u00e9saire dans la Trag\u00e9die du Roi Christophe en pensant \u00e0 Janus, deux t\u00eates, deux directions, le pass\u00e9 et l&#039;Avenir\",\"potentialAction\":[{\"@type\":\"SearchAction\",\"target\":{\"@type\":\"EntryPoint\",\"urlTemplate\":\"http:\/\/ladoration.fr\/vanicet\/?s={search_term_string}\"},\"query-input\":\"required name=search_term_string\"}],\"inLanguage\":\"fr-FR\"}]}<\/script>\n<!-- \/ Yoast SEO plugin. -->","yoast_head_json":{"title":"Mosa\u00efque pour la tombe d'Edouard Glissant","robots":{"index":"index","follow":"follow","max-snippet":"max-snippet:-1","max-image-preview":"max-image-preview:large","max-video-preview":"max-video-preview:-1"},"canonical":"https:\/\/ladoration.fr\/vanicet\/restitutions\/tombe-dedouard-glissant\/","og_locale":"fr_FR","og_type":"article","og_title":"Mosa\u00efque pour la tombe d'Edouard Glissant","og_url":"https:\/\/ladoration.fr\/vanicet\/restitutions\/tombe-dedouard-glissant\/","og_site_name":"Victor Anicet","article_modified_time":"2019-12-31T09:46:31+00:00","twitter_card":"summary_large_image","schema":{"@context":"https:\/\/schema.org","@graph":[{"@type":"WebPage","@id":"https:\/\/ladoration.fr\/vanicet\/restitutions\/tombe-dedouard-glissant\/","url":"https:\/\/ladoration.fr\/vanicet\/restitutions\/tombe-dedouard-glissant\/","name":"Mosa\u00efque pour la tombe d'Edouard Glissant","isPartOf":{"@id":"http:\/\/ladoration.fr\/vanicet\/#website"},"datePublished":"2018-04-14T17:16:27+00:00","dateModified":"2019-12-31T09:46:31+00:00","breadcrumb":{"@id":"https:\/\/ladoration.fr\/vanicet\/restitutions\/tombe-dedouard-glissant\/#breadcrumb"},"inLanguage":"fr-FR","potentialAction":[{"@type":"ReadAction","target":["https:\/\/ladoration.fr\/vanicet\/restitutions\/tombe-dedouard-glissant\/"]}]},{"@type":"BreadcrumbList","@id":"https:\/\/ladoration.fr\/vanicet\/restitutions\/tombe-dedouard-glissant\/#breadcrumb","itemListElement":[{"@type":"ListItem","position":1,"name":"Accueil","item":"http:\/\/ladoration.fr\/vanicet\/"},{"@type":"ListItem","position":2,"name":"Restitutions","item":"https:\/\/ladoration.fr\/vanicet\/restitutions\/"},{"@type":"ListItem","position":3,"name":"Tombe d&rsquo;Edouard Glissant"}]},{"@type":"WebSite","@id":"http:\/\/ladoration.fr\/vanicet\/#website","url":"http:\/\/ladoration.fr\/vanicet\/","name":"Victor Anicet","description":"Biface dit C\u00e9saire dans la Trag\u00e9die du Roi Christophe en pensant \u00e0 Janus, deux t\u00eates, deux directions, le pass\u00e9 et l&#039;Avenir","potentialAction":[{"@type":"SearchAction","target":{"@type":"EntryPoint","urlTemplate":"http:\/\/ladoration.fr\/vanicet\/?s={search_term_string}"},"query-input":"required name=search_term_string"}],"inLanguage":"fr-FR"}]}},"jetpack_sharing_enabled":true,"jetpack_shortlink":"https:\/\/wp.me\/Pax50O-ao","_links":{"self":[{"href":"http:\/\/ladoration.fr\/vanicet\/wp-json\/wp\/v2\/pages\/644","targetHints":{"allow":["GET"]}}],"collection":[{"href":"http:\/\/ladoration.fr\/vanicet\/wp-json\/wp\/v2\/pages"}],"about":[{"href":"http:\/\/ladoration.fr\/vanicet\/wp-json\/wp\/v2\/types\/page"}],"author":[{"embeddable":true,"href":"http:\/\/ladoration.fr\/vanicet\/wp-json\/wp\/v2\/users\/1"}],"replies":[{"embeddable":true,"href":"http:\/\/ladoration.fr\/vanicet\/wp-json\/wp\/v2\/comments?post=644"}],"version-history":[{"count":5,"href":"http:\/\/ladoration.fr\/vanicet\/wp-json\/wp\/v2\/pages\/644\/revisions"}],"predecessor-version":[{"id":774,"href":"http:\/\/ladoration.fr\/vanicet\/wp-json\/wp\/v2\/pages\/644\/revisions\/774"}],"up":[{"embeddable":true,"href":"http:\/\/ladoration.fr\/vanicet\/wp-json\/wp\/v2\/pages\/241"}],"wp:attachment":[{"href":"http:\/\/ladoration.fr\/vanicet\/wp-json\/wp\/v2\/media?parent=644"}],"curies":[{"name":"wp","href":"https:\/\/api.w.org\/{rel}","templated":true}]}}

<div data-elementor-type="wp-post" data-elementor-id="644" class="elementor elementor-644 elementor-bc-flex-widget">
						<section class="elementor-section elementor-top-section elementor-element elementor-element-1a416a30 elementor-section-boxed elementor-section-height-default elementor-section-height-default" data-id="1a416a30" data-element_type="section">
						<div class="elementor-container elementor-column-gap-default">
					<div class="elementor-column elementor-col-100 elementor-top-column elementor-element elementor-element-24e184fb" data-id="24e184fb" data-element_type="column">
			<div class="elementor-widget-wrap elementor-element-populated">
						<div class="elementor-element elementor-element-7de0fa3e elementor-widget elementor-widget-wp-widget-nav_menu" data-id="7de0fa3e" data-element_type="widget" data-widget_type="wp-widget-nav_menu.default">
				<div class="elementor-widget-container">
			<div class="menu-tombe-dedouard-glissant-container"><ul id="menu-tombe-dedouard-glissant" class="menu"><li id="menu-item-734" class="menu-item menu-item-type-post_type menu-item-object-page menu-item-734"><a href="http://ladoration.fr/vanicet/restitutions/tombe-dedouard-glissant/presence-de-lest-multiple/">Et la présence de l&rsquo;Est multiple</a></li>
</ul></div>		</div>
				</div>
					</div>
		</div>
					</div>
		</section>
				</div>

<!-- This site is optimized with the Yoast SEO plugin v23.0 - https://yoast.com/wordpress/plugins/seo/ -->
<title>Mosaïque pour la tombe d&#039;Edouard Glissant</title>
<meta name="robots" content="index, follow, max-snippet:-1, max-image-preview:large, max-video-preview:-1" />
<link rel="canonical" href="https://ladoration.fr/vanicet/restitutions/tombe-dedouard-glissant/" />
<meta property="og:locale" content="fr_FR" />
<meta property="og:type" content="article" />
<meta property="og:title" content="Mosaïque pour la tombe d&#039;Edouard Glissant" />
<meta property="og:url" content="https://ladoration.fr/vanicet/restitutions/tombe-dedouard-glissant/" />
<meta property="og:site_name" content="Victor Anicet" />
<meta property="article:modified_time" content="2019-12-31T09:46:31+00:00" />
<meta name="twitter:card" content="summary_large_image" />
<script type="application/ld+json" class="yoast-schema-graph">{"@context":"https://schema.org","@graph":[{"@type":"WebPage","@id":"https://ladoration.fr/vanicet/restitutions/tombe-dedouard-glissant/","url":"https://ladoration.fr/vanicet/restitutions/tombe-dedouard-glissant/","name":"Mosaïque pour la tombe d'Edouard Glissant","isPartOf":{"@id":"http://ladoration.fr/vanicet/#website"},"datePublished":"2018-04-14T17:16:27+00:00","dateModified":"2019-12-31T09:46:31+00:00","breadcrumb":{"@id":"https://ladoration.fr/vanicet/restitutions/tombe-dedouard-glissant/#breadcrumb"},"inLanguage":"fr-FR","potentialAction":[{"@type":"ReadAction","target":["https://ladoration.fr/vanicet/restitutions/tombe-dedouard-glissant/"]}]},{"@type":"BreadcrumbList","@id":"https://ladoration.fr/vanicet/restitutions/tombe-dedouard-glissant/#breadcrumb","itemListElement":[{"@type":"ListItem","position":1,"name":"Accueil","item":"http://ladoration.fr/vanicet/"},{"@type":"ListItem","position":2,"name":"Restitutions","item":"https://ladoration.fr/vanicet/restitutions/"},{"@type":"ListItem","position":3,"name":"Tombe d&rsquo;Edouard Glissant"}]},{"@type":"WebSite","@id":"http://ladoration.fr/vanicet/#website","url":"http://ladoration.fr/vanicet/","name":"Victor Anicet","description":"Biface dit Césaire dans la Tragédie du Roi Christophe en pensant à Janus, deux têtes, deux directions, le passé et l&#039;Avenir","potentialAction":[{"@type":"SearchAction","target":{"@type":"EntryPoint","urlTemplate":"http://ladoration.fr/vanicet/?s={search_term_string}"},"query-input":"required name=search_term_string"}],"inLanguage":"fr-FR"}]}</script>
<!-- / Yoast SEO plugin. -->

Mosaïque pour la tombe d'Edouard Glissant

Biface dit Césaire dans la Tragédie du Roi Christophe en pensant à Janus, deux têtes, deux directions, le passé et l&#039;Avenir
