{"id":807,"date":"2018-04-23T18:41:21","date_gmt":"2018-04-23T16:41:21","guid":{"rendered":"http:\/\/ladoration.fr\/vanicet\/?page_id=807"},"modified":"2018-04-23T18:58:06","modified_gmt":"2018-04-23T16:58:06","slug":"victor-anicet-le-pays-martinique-ou-le-bleu-de-la-restitution","status":"publish","type":"page","link":"http:\/\/ladoration.fr\/vanicet\/textes\/victor-anicet-le-pays-martinique-ou-le-bleu-de-la-restitution\/","title":{"rendered":"Victor Anicet Le pays Martinique ou le bleu de la restitution"},"content":{"rendered":"\t\t<div data-elementor-type=\"wp-post\" data-elementor-id=\"807\" class=\"elementor elementor-807 elementor-bc-flex-widget\">\n\t\t\t\t\t\t<section class=\"elementor-section elementor-top-section elementor-element elementor-element-908430d elementor-section-boxed elementor-section-height-default elementor-section-height-default\" data-id=\"908430d\" data-element_type=\"section\">\n\t\t\t\t\t\t<div class=\"elementor-container elementor-column-gap-default\">\n\t\t\t\t\t<div class=\"elementor-column elementor-col-100 elementor-top-column elementor-element elementor-element-6270192\" data-id=\"6270192\" data-element_type=\"column\">\n\t\t\t<div class=\"elementor-widget-wrap elementor-element-populated\">\n\t\t\t\t\t\t<div class=\"elementor-element elementor-element-4a14b95 elementor-position-top elementor-widget elementor-widget-image-box\" data-id=\"4a14b95\" data-element_type=\"widget\" data-widget_type=\"image-box.default\">\n\t\t\t\t<div class=\"elementor-widget-container\">\n\t\t\t<div class=\"elementor-image-box-wrapper\"><figure class=\"elementor-image-box-img\"><a href=\"http:\/\/ladoration.fr\/vanicet\/wp-content\/uploads\/2018\/04\/Victor-Anicet-le-bleu-de-la-restitution.png\" target=\"_blank\" tabindex=\"-1\"><img fetchpriority=\"high\" decoding=\"async\" width=\"548\" height=\"598\" src=\"http:\/\/ladoration.fr\/vanicet\/wp-content\/uploads\/2018\/04\/Victor-Anicet-le-bleu-de-la-restitution.png\" class=\"attachment-full size-full wp-image-816\" alt=\"D\u00e9but de l&#039;article de Val\u00e9rie Loichot et de Na\u00efma Hachad sur le travail de Victor Anicet, artiste martiniquais\" srcset=\"http:\/\/ladoration.fr\/vanicet\/wp-content\/uploads\/2018\/04\/Victor-Anicet-le-bleu-de-la-restitution.png 548w, http:\/\/ladoration.fr\/vanicet\/wp-content\/uploads\/2018\/04\/Victor-Anicet-le-bleu-de-la-restitution-275x300.png 275w\" sizes=\"(max-width: 548px) 100vw, 548px\" \/><\/a><\/figure><\/div>\t\t<\/div>\n\t\t\t\t<\/div>\n\t\t\t\t<div class=\"elementor-element elementor-element-07a8cb5 elementor-widget elementor-widget-text-editor\" data-id=\"07a8cb5\" data-element_type=\"widget\" data-widget_type=\"text-editor.default\">\n\t\t\t\t<div class=\"elementor-widget-container\">\n\t\t\t\t\t\t\t<p>Cliquez ici pour voir le texte int\u00e9gral.<\/p><p><a href=\"http:\/\/ladoration.fr\/vanicet\/wp-content\/uploads\/2018\/04\/Victor_Anicet_Le_Pays-Martinique_ou_le_b.pdf\">Victor_Anicet_le pays Martinique ou le bleu de la restitution<\/a><\/p>\t\t\t\t\t\t<\/div>\n\t\t\t\t<\/div>\n\t\t\t\t\t<\/div>\n\t\t<\/div>\n\t\t\t\t\t<\/div>\n\t\t<\/section>\n\t\t\t\t<\/div>\n\t\t","protected":false},"excerpt":{"rendered":"<p>Cliquez ici pour voir le texte int\u00e9gral. Victor_Anicet_le pays Martinique ou le bleu de la restitution<\/p>\n","protected":false},"author":1,"featured_media":0,"parent":96,"menu_order":0,"comment_status":"closed","ping_status":"closed","template":"","meta":{"jetpack_post_was_ever_published":false,"footnotes":""},"class_list":["post-807","page","type-page","status-publish","hentry","blog-blocks-layout","blog-style-postblock","","blog-alt-odd"],"yoast_head":"<!-- This site is optimized with the Yoast SEO plugin v23.0 - https:\/\/yoast.com\/wordpress\/plugins\/seo\/ -->\n<title>Texte de V. Loichot et de N. Hachad sur la travail de Victor Anicet<\/title>\n<meta name=\"robots\" content=\"index, follow, max-snippet:-1, max-image-preview:large, max-video-preview:-1\" \/>\n<link rel=\"canonical\" href=\"https:\/\/ladoration.fr\/vanicet\/textes\/victor-anicet-le-pays-martinique-ou-le-bleu-de-la-restitution\/\" \/>\n<meta property=\"og:locale\" content=\"fr_FR\" \/>\n<meta property=\"og:type\" content=\"article\" \/>\n<meta property=\"og:title\" content=\"Texte de V. Loichot et de N. Hachad sur la travail de Victor Anicet\" \/>\n<meta property=\"og:description\" content=\"Cliquez ici pour voir le texte int\u00e9gral. Victor_Anicet_le pays Martinique ou le bleu de la restitution\" \/>\n<meta property=\"og:url\" content=\"https:\/\/ladoration.fr\/vanicet\/textes\/victor-anicet-le-pays-martinique-ou-le-bleu-de-la-restitution\/\" \/>\n<meta property=\"og:site_name\" content=\"Victor Anicet\" \/>\n<meta property=\"article:modified_time\" content=\"2018-04-23T16:58:06+00:00\" \/>\n<meta property=\"og:image\" content=\"http:\/\/ladoration.fr\/vanicet\/wp-content\/uploads\/2018\/04\/Victor-Anicet-le-bleu-de-la-restitution.png\" \/>\n<meta name=\"twitter:card\" content=\"summary_large_image\" \/>\n<script type=\"application\/ld+json\" class=\"yoast-schema-graph\">{\"@context\":\"https:\/\/schema.org\",\"@graph\":[{\"@type\":\"WebPage\",\"@id\":\"https:\/\/ladoration.fr\/vanicet\/textes\/victor-anicet-le-pays-martinique-ou-le-bleu-de-la-restitution\/\",\"url\":\"https:\/\/ladoration.fr\/vanicet\/textes\/victor-anicet-le-pays-martinique-ou-le-bleu-de-la-restitution\/\",\"name\":\"Texte de V. Loichot et de N. Hachad sur la travail de Victor Anicet\",\"isPartOf\":{\"@id\":\"https:\/\/ladoration.fr\/vanicet\/#website\"},\"primaryImageOfPage\":{\"@id\":\"https:\/\/ladoration.fr\/vanicet\/textes\/victor-anicet-le-pays-martinique-ou-le-bleu-de-la-restitution\/#primaryimage\"},\"image\":{\"@id\":\"https:\/\/ladoration.fr\/vanicet\/textes\/victor-anicet-le-pays-martinique-ou-le-bleu-de-la-restitution\/#primaryimage\"},\"thumbnailUrl\":\"http:\/\/ladoration.fr\/vanicet\/wp-content\/uploads\/2018\/04\/Victor-Anicet-le-bleu-de-la-restitution.png\",\"datePublished\":\"2018-04-23T16:41:21+00:00\",\"dateModified\":\"2018-04-23T16:58:06+00:00\",\"breadcrumb\":{\"@id\":\"https:\/\/ladoration.fr\/vanicet\/textes\/victor-anicet-le-pays-martinique-ou-le-bleu-de-la-restitution\/#breadcrumb\"},\"inLanguage\":\"fr-FR\",\"potentialAction\":[{\"@type\":\"ReadAction\",\"target\":[\"https:\/\/ladoration.fr\/vanicet\/textes\/victor-anicet-le-pays-martinique-ou-le-bleu-de-la-restitution\/\"]}]},{\"@type\":\"ImageObject\",\"inLanguage\":\"fr-FR\",\"@id\":\"https:\/\/ladoration.fr\/vanicet\/textes\/victor-anicet-le-pays-martinique-ou-le-bleu-de-la-restitution\/#primaryimage\",\"url\":\"http:\/\/ladoration.fr\/vanicet\/wp-content\/uploads\/2018\/04\/Victor-Anicet-le-bleu-de-la-restitution.png\",\"contentUrl\":\"http:\/\/ladoration.fr\/vanicet\/wp-content\/uploads\/2018\/04\/Victor-Anicet-le-bleu-de-la-restitution.png\"},{\"@type\":\"BreadcrumbList\",\"@id\":\"https:\/\/ladoration.fr\/vanicet\/textes\/victor-anicet-le-pays-martinique-ou-le-bleu-de-la-restitution\/#breadcrumb\",\"itemListElement\":[{\"@type\":\"ListItem\",\"position\":1,\"name\":\"Accueil\",\"item\":\"https:\/\/ladoration.fr\/vanicet\/\"},{\"@type\":\"ListItem\",\"position\":2,\"name\":\"Textes\",\"item\":\"http:\/\/ladoration.fr\/vanicet\/textes\/\"},{\"@type\":\"ListItem\",\"position\":3,\"name\":\"Victor Anicet Le pays Martinique ou le bleu de la restitution\"}]},{\"@type\":\"WebSite\",\"@id\":\"https:\/\/ladoration.fr\/vanicet\/#website\",\"url\":\"https:\/\/ladoration.fr\/vanicet\/\",\"name\":\"Victor Anicet\",\"description\":\"Biface dit C\u00e9saire dans la Trag\u00e9die du Roi Christophe en pensant \u00e0 Janus, deux t\u00eates, deux directions, le pass\u00e9 et l&#039;Avenir\",\"potentialAction\":[{\"@type\":\"SearchAction\",\"target\":{\"@type\":\"EntryPoint\",\"urlTemplate\":\"https:\/\/ladoration.fr\/vanicet\/?s={search_term_string}\"},\"query-input\":\"required name=search_term_string\"}],\"inLanguage\":\"fr-FR\"}]}<\/script>\n<!-- \/ Yoast SEO plugin. -->","yoast_head_json":{"title":"Texte de V. Loichot et de N. Hachad sur la travail de Victor Anicet","robots":{"index":"index","follow":"follow","max-snippet":"max-snippet:-1","max-image-preview":"max-image-preview:large","max-video-preview":"max-video-preview:-1"},"canonical":"https:\/\/ladoration.fr\/vanicet\/textes\/victor-anicet-le-pays-martinique-ou-le-bleu-de-la-restitution\/","og_locale":"fr_FR","og_type":"article","og_title":"Texte de V. Loichot et de N. Hachad sur la travail de Victor Anicet","og_description":"Cliquez ici pour voir le texte int\u00e9gral. Victor_Anicet_le pays Martinique ou le bleu de la restitution","og_url":"https:\/\/ladoration.fr\/vanicet\/textes\/victor-anicet-le-pays-martinique-ou-le-bleu-de-la-restitution\/","og_site_name":"Victor Anicet","article_modified_time":"2018-04-23T16:58:06+00:00","og_image":[{"url":"http:\/\/ladoration.fr\/vanicet\/wp-content\/uploads\/2018\/04\/Victor-Anicet-le-bleu-de-la-restitution.png"}],"twitter_card":"summary_large_image","schema":{"@context":"https:\/\/schema.org","@graph":[{"@type":"WebPage","@id":"https:\/\/ladoration.fr\/vanicet\/textes\/victor-anicet-le-pays-martinique-ou-le-bleu-de-la-restitution\/","url":"https:\/\/ladoration.fr\/vanicet\/textes\/victor-anicet-le-pays-martinique-ou-le-bleu-de-la-restitution\/","name":"Texte de V. Loichot et de N. Hachad sur la travail de Victor Anicet","isPartOf":{"@id":"https:\/\/ladoration.fr\/vanicet\/#website"},"primaryImageOfPage":{"@id":"https:\/\/ladoration.fr\/vanicet\/textes\/victor-anicet-le-pays-martinique-ou-le-bleu-de-la-restitution\/#primaryimage"},"image":{"@id":"https:\/\/ladoration.fr\/vanicet\/textes\/victor-anicet-le-pays-martinique-ou-le-bleu-de-la-restitution\/#primaryimage"},"thumbnailUrl":"http:\/\/ladoration.fr\/vanicet\/wp-content\/uploads\/2018\/04\/Victor-Anicet-le-bleu-de-la-restitution.png","datePublished":"2018-04-23T16:41:21+00:00","dateModified":"2018-04-23T16:58:06+00:00","breadcrumb":{"@id":"https:\/\/ladoration.fr\/vanicet\/textes\/victor-anicet-le-pays-martinique-ou-le-bleu-de-la-restitution\/#breadcrumb"},"inLanguage":"fr-FR","potentialAction":[{"@type":"ReadAction","target":["https:\/\/ladoration.fr\/vanicet\/textes\/victor-anicet-le-pays-martinique-ou-le-bleu-de-la-restitution\/"]}]},{"@type":"ImageObject","inLanguage":"fr-FR","@id":"https:\/\/ladoration.fr\/vanicet\/textes\/victor-anicet-le-pays-martinique-ou-le-bleu-de-la-restitution\/#primaryimage","url":"http:\/\/ladoration.fr\/vanicet\/wp-content\/uploads\/2018\/04\/Victor-Anicet-le-bleu-de-la-restitution.png","contentUrl":"http:\/\/ladoration.fr\/vanicet\/wp-content\/uploads\/2018\/04\/Victor-Anicet-le-bleu-de-la-restitution.png"},{"@type":"BreadcrumbList","@id":"https:\/\/ladoration.fr\/vanicet\/textes\/victor-anicet-le-pays-martinique-ou-le-bleu-de-la-restitution\/#breadcrumb","itemListElement":[{"@type":"ListItem","position":1,"name":"Accueil","item":"https:\/\/ladoration.fr\/vanicet\/"},{"@type":"ListItem","position":2,"name":"Textes","item":"http:\/\/ladoration.fr\/vanicet\/textes\/"},{"@type":"ListItem","position":3,"name":"Victor Anicet Le pays Martinique ou le bleu de la restitution"}]},{"@type":"WebSite","@id":"https:\/\/ladoration.fr\/vanicet\/#website","url":"https:\/\/ladoration.fr\/vanicet\/","name":"Victor Anicet","description":"Biface dit C\u00e9saire dans la Trag\u00e9die du Roi Christophe en pensant \u00e0 Janus, deux t\u00eates, deux directions, le pass\u00e9 et l&#039;Avenir","potentialAction":[{"@type":"SearchAction","target":{"@type":"EntryPoint","urlTemplate":"https:\/\/ladoration.fr\/vanicet\/?s={search_term_string}"},"query-input":"required name=search_term_string"}],"inLanguage":"fr-FR"}]}},"jetpack_sharing_enabled":true,"jetpack_shortlink":"https:\/\/wp.me\/Pax50O-d1","_links":{"self":[{"href":"http:\/\/ladoration.fr\/vanicet\/wp-json\/wp\/v2\/pages\/807","targetHints":{"allow":["GET"]}}],"collection":[{"href":"http:\/\/ladoration.fr\/vanicet\/wp-json\/wp\/v2\/pages"}],"about":[{"href":"http:\/\/ladoration.fr\/vanicet\/wp-json\/wp\/v2\/types\/page"}],"author":[{"embeddable":true,"href":"http:\/\/ladoration.fr\/vanicet\/wp-json\/wp\/v2\/users\/1"}],"replies":[{"embeddable":true,"href":"http:\/\/ladoration.fr\/vanicet\/wp-json\/wp\/v2\/comments?post=807"}],"version-history":[{"count":7,"href":"http:\/\/ladoration.fr\/vanicet\/wp-json\/wp\/v2\/pages\/807\/revisions"}],"predecessor-version":[{"id":820,"href":"http:\/\/ladoration.fr\/vanicet\/wp-json\/wp\/v2\/pages\/807\/revisions\/820"}],"up":[{"embeddable":true,"href":"http:\/\/ladoration.fr\/vanicet\/wp-json\/wp\/v2\/pages\/96"}],"wp:attachment":[{"href":"http:\/\/ladoration.fr\/vanicet\/wp-json\/wp\/v2\/media?parent=807"}],"curies":[{"name":"wp","href":"https:\/\/api.w.org\/{rel}","templated":true}]}}