{"id":669,"date":"2018-04-14T19:39:55","date_gmt":"2018-04-14T17:39:55","guid":{"rendered":"http:\/\/ladoration.fr\/vanicet\/?page_id=669"},"modified":"2018-04-15T19:33:17","modified_gmt":"2018-04-15T17:33:17","slug":"ceramiques-3","status":"publish","type":"page","link":"https:\/\/ladoration.fr\/vanicet\/restitutions\/autres_ceramiques\/ceramiques-3\/","title":{"rendered":"C\u00e9ramiques 3"},"content":{"rendered":"\t\t<div data-elementor-type=\"wp-post\" data-elementor-id=\"669\" class=\"elementor elementor-669 elementor-bc-flex-widget\">\n\t\t\t\t\t\t<section class=\"elementor-section elementor-top-section elementor-element elementor-element-2f94f68d elementor-section-boxed elementor-section-height-default elementor-section-height-default\" data-id=\"2f94f68d\" data-element_type=\"section\">\n\t\t\t\t\t\t<div class=\"elementor-container elementor-column-gap-default\">\n\t\t\t\t\t<div class=\"elementor-column elementor-col-100 elementor-top-column elementor-element elementor-element-41aaa6fb\" data-id=\"41aaa6fb\" data-element_type=\"column\">\n\t\t\t<div class=\"elementor-widget-wrap elementor-element-populated\">\n\t\t\t\t\t\t<div class=\"elementor-element elementor-element-27dde662 elementor-position-top elementor-widget elementor-widget-image-box\" data-id=\"27dde662\" data-element_type=\"widget\" data-widget_type=\"image-box.default\">\n\t\t\t\t<div class=\"elementor-widget-container\">\n\t\t\t<div class=\"elementor-image-box-wrapper\"><figure class=\"elementor-image-box-img\"><a href=\"http:\/\/ladoration.fr\/vanicet\/wp-content\/uploads\/2018\/04\/30032018-c\u00e9ramique-13.jpg\" target=\"_blank\" tabindex=\"-1\"><img fetchpriority=\"high\" decoding=\"async\" width=\"1000\" height=\"750\" src=\"https:\/\/ladoration.fr\/vanicet\/wp-content\/uploads\/2018\/04\/30032018-c\u00e9ramique-13.jpg\" class=\"attachment-full size-full wp-image-671\" alt=\"C\u00e9ramique de l&#039;artiste martiniquais Victor Anicet\" srcset=\"https:\/\/ladoration.fr\/vanicet\/wp-content\/uploads\/2018\/04\/30032018-c\u00e9ramique-13.jpg 1000w, https:\/\/ladoration.fr\/vanicet\/wp-content\/uploads\/2018\/04\/30032018-c\u00e9ramique-13-300x225.jpg 300w, https:\/\/ladoration.fr\/vanicet\/wp-content\/uploads\/2018\/04\/30032018-c\u00e9ramique-13-768x576.jpg 768w\" sizes=\"(max-width: 1000px) 100vw, 1000px\" \/><\/a><\/figure><\/div>\t\t<\/div>\n\t\t\t\t<\/div>\n\t\t\t\t<div class=\"elementor-element elementor-element-4159241e elementor-position-top elementor-widget elementor-widget-image-box\" data-id=\"4159241e\" data-element_type=\"widget\" data-widget_type=\"image-box.default\">\n\t\t\t\t<div class=\"elementor-widget-container\">\n\t\t\t<div class=\"elementor-image-box-wrapper\"><figure class=\"elementor-image-box-img\"><a href=\"http:\/\/ladoration.fr\/vanicet\/wp-content\/uploads\/2018\/04\/30032018-c\u00e9ramique-14.jpg\" target=\"_blank\" tabindex=\"-1\"><img decoding=\"async\" width=\"1000\" height=\"750\" src=\"https:\/\/ladoration.fr\/vanicet\/wp-content\/uploads\/2018\/04\/30032018-c\u00e9ramique-14.jpg\" class=\"attachment-full size-full wp-image-674\" alt=\"C\u00e9ramique de l&#039;artiste martiniquais Victor Anicet\" srcset=\"https:\/\/ladoration.fr\/vanicet\/wp-content\/uploads\/2018\/04\/30032018-c\u00e9ramique-14.jpg 1000w, https:\/\/ladoration.fr\/vanicet\/wp-content\/uploads\/2018\/04\/30032018-c\u00e9ramique-14-300x225.jpg 300w, https:\/\/ladoration.fr\/vanicet\/wp-content\/uploads\/2018\/04\/30032018-c\u00e9ramique-14-768x576.jpg 768w\" sizes=\"(max-width: 1000px) 100vw, 1000px\" \/><\/a><\/figure><\/div>\t\t<\/div>\n\t\t\t\t<\/div>\n\t\t\t\t<div class=\"elementor-element elementor-element-5ab44e37 elementor-position-top elementor-widget elementor-widget-image-box\" data-id=\"5ab44e37\" data-element_type=\"widget\" data-widget_type=\"image-box.default\">\n\t\t\t\t<div class=\"elementor-widget-container\">\n\t\t\t<div class=\"elementor-image-box-wrapper\"><figure class=\"elementor-image-box-img\"><a href=\"http:\/\/ladoration.fr\/vanicet\/wp-content\/uploads\/2018\/04\/30032018-c\u00e9ramique-16.jpg\" target=\"_blank\" tabindex=\"-1\"><img decoding=\"async\" width=\"1000\" height=\"750\" src=\"https:\/\/ladoration.fr\/vanicet\/wp-content\/uploads\/2018\/04\/30032018-c\u00e9ramique-16.jpg\" class=\"attachment-full size-full wp-image-676\" alt=\"C\u00e9ramique de l&#039;artiste martiniquais Victor Anicet\" srcset=\"https:\/\/ladoration.fr\/vanicet\/wp-content\/uploads\/2018\/04\/30032018-c\u00e9ramique-16.jpg 1000w, https:\/\/ladoration.fr\/vanicet\/wp-content\/uploads\/2018\/04\/30032018-c\u00e9ramique-16-300x225.jpg 300w, https:\/\/ladoration.fr\/vanicet\/wp-content\/uploads\/2018\/04\/30032018-c\u00e9ramique-16-768x576.jpg 768w\" sizes=\"(max-width: 1000px) 100vw, 1000px\" \/><\/a><\/figure><\/div>\t\t<\/div>\n\t\t\t\t<\/div>\n\t\t\t\t\t<\/div>\n\t\t<\/div>\n\t\t\t\t\t<\/div>\n\t\t<\/section>\n\t\t\t\t<section class=\"elementor-section elementor-top-section elementor-element elementor-element-38b1af5e elementor-section-boxed elementor-section-height-default elementor-section-height-default\" data-id=\"38b1af5e\" data-element_type=\"section\">\n\t\t\t\t\t\t<div class=\"elementor-container elementor-column-gap-default\">\n\t\t\t\t\t<div class=\"elementor-column elementor-col-100 elementor-top-column elementor-element elementor-element-3bffe184\" data-id=\"3bffe184\" data-element_type=\"column\">\n\t\t\t<div class=\"elementor-widget-wrap elementor-element-populated\">\n\t\t\t\t\t\t<div class=\"elementor-element elementor-element-70c4b692 elementor-align-center elementor-widget elementor-widget-button\" data-id=\"70c4b692\" data-element_type=\"widget\" data-widget_type=\"button.default\">\n\t\t\t\t<div class=\"elementor-widget-container\">\n\t\t\t\t\t<div class=\"elementor-button-wrapper\">\n\t\t\t<a class=\"elementor-button elementor-button-link elementor-size-sm\" href=\"http:\/\/ladoration.fr\/vanicet\/restitutions\/\">\n\t\t\t\t\t\t<span class=\"elementor-button-content-wrapper\">\n\t\t\t\t\t\t\t\t\t<span class=\"elementor-button-text\">Retour \u00e0 la liste des oeuvres<\/span>\n\t\t\t\t\t<\/span>\n\t\t\t\t\t<\/a>\n\t\t<\/div>\n\t\t\t\t<\/div>\n\t\t\t\t<\/div>\n\t\t\t\t\t<\/div>\n\t\t<\/div>\n\t\t\t\t\t<\/div>\n\t\t<\/section>\n\t\t\t\t<\/div>\n\t\t","protected":false},"excerpt":{"rendered":"<p>Retour \u00e0 la liste des oeuvres<\/p>\n","protected":false},"author":1,"featured_media":0,"parent":623,"menu_order":0,"comment_status":"closed","ping_status":"closed","template":"","meta":{"jetpack_post_was_ever_published":false,"footnotes":""},"class_list":["post-669","page","type-page","status-publish","hentry","blog-blocks-layout","blog-style-postblock","","blog-alt-odd"],"yoast_head":"<!-- This site is optimized with the Yoast SEO plugin v23.0 - https:\/\/yoast.com\/wordpress\/plugins\/seo\/ -->\n<title>c\u00e9ramiques originales de l&#039;artiste Martiniquais Victor Anicet<\/title>\n<meta name=\"description\" content=\"http:\/\/ladoration.fr\/vanicet\/wp-content\/uploads\/2018\/04\/30032018-c\u00e9ramique-15.jpg\" \/>\n<meta name=\"robots\" content=\"index, follow, max-snippet:-1, max-image-preview:large, max-video-preview:-1\" \/>\n<link rel=\"canonical\" href=\"https:\/\/ladoration.fr\/vanicet\/restitutions\/autres_ceramiques\/ceramiques-3\/\" \/>\n<meta property=\"og:locale\" content=\"fr_FR\" \/>\n<meta property=\"og:type\" content=\"article\" \/>\n<meta property=\"og:title\" content=\"c\u00e9ramiques originales de l&#039;artiste Martiniquais Victor Anicet\" \/>\n<meta property=\"og:description\" content=\"http:\/\/ladoration.fr\/vanicet\/wp-content\/uploads\/2018\/04\/30032018-c\u00e9ramique-15.jpg\" \/>\n<meta property=\"og:url\" content=\"https:\/\/ladoration.fr\/vanicet\/restitutions\/autres_ceramiques\/ceramiques-3\/\" \/>\n<meta property=\"og:site_name\" content=\"Victor Anicet\" \/>\n<meta property=\"article:modified_time\" content=\"2018-04-15T17:33:17+00:00\" \/>\n<meta name=\"twitter:card\" content=\"summary_large_image\" \/>\n<script type=\"application\/ld+json\" class=\"yoast-schema-graph\">{\"@context\":\"https:\/\/schema.org\",\"@graph\":[{\"@type\":\"WebPage\",\"@id\":\"https:\/\/ladoration.fr\/vanicet\/restitutions\/autres_ceramiques\/ceramiques-3\/\",\"url\":\"https:\/\/ladoration.fr\/vanicet\/restitutions\/autres_ceramiques\/ceramiques-3\/\",\"name\":\"c\u00e9ramiques originales de l'artiste Martiniquais Victor Anicet\",\"isPartOf\":{\"@id\":\"https:\/\/ladoration.fr\/vanicet\/#website\"},\"datePublished\":\"2018-04-14T17:39:55+00:00\",\"dateModified\":\"2018-04-15T17:33:17+00:00\",\"description\":\"http:\/\/ladoration.fr\/vanicet\/wp-content\/uploads\/2018\/04\/30032018-c\u00e9ramique-15.jpg\",\"breadcrumb\":{\"@id\":\"https:\/\/ladoration.fr\/vanicet\/restitutions\/autres_ceramiques\/ceramiques-3\/#breadcrumb\"},\"inLanguage\":\"fr-FR\",\"potentialAction\":[{\"@type\":\"ReadAction\",\"target\":[\"https:\/\/ladoration.fr\/vanicet\/restitutions\/autres_ceramiques\/ceramiques-3\/\"]}]},{\"@type\":\"BreadcrumbList\",\"@id\":\"https:\/\/ladoration.fr\/vanicet\/restitutions\/autres_ceramiques\/ceramiques-3\/#breadcrumb\",\"itemListElement\":[{\"@type\":\"ListItem\",\"position\":1,\"name\":\"Accueil\",\"item\":\"https:\/\/ladoration.fr\/vanicet\/\"},{\"@type\":\"ListItem\",\"position\":2,\"name\":\"Restitutions\",\"item\":\"https:\/\/ladoration.fr\/vanicet\/restitutions\/\"},{\"@type\":\"ListItem\",\"position\":3,\"name\":\"Autres c\u00e9ramiques\",\"item\":\"http:\/\/ladoration.fr\/vanicet\/restitutions\/autres_ceramiques\/\"},{\"@type\":\"ListItem\",\"position\":4,\"name\":\"C\u00e9ramiques 3\"}]},{\"@type\":\"WebSite\",\"@id\":\"https:\/\/ladoration.fr\/vanicet\/#website\",\"url\":\"https:\/\/ladoration.fr\/vanicet\/\",\"name\":\"Victor Anicet\",\"description\":\"Biface dit C\u00e9saire dans la Trag\u00e9die du Roi Christophe en pensant \u00e0 Janus, deux t\u00eates, deux directions, le pass\u00e9 et l&#039;Avenir\",\"potentialAction\":[{\"@type\":\"SearchAction\",\"target\":{\"@type\":\"EntryPoint\",\"urlTemplate\":\"https:\/\/ladoration.fr\/vanicet\/?s={search_term_string}\"},\"query-input\":\"required name=search_term_string\"}],\"inLanguage\":\"fr-FR\"}]}<\/script>\n<!-- \/ Yoast SEO plugin. -->","yoast_head_json":{"title":"c\u00e9ramiques originales de l'artiste Martiniquais Victor Anicet","description":"http:\/\/ladoration.fr\/vanicet\/wp-content\/uploads\/2018\/04\/30032018-c\u00e9ramique-15.jpg","robots":{"index":"index","follow":"follow","max-snippet":"max-snippet:-1","max-image-preview":"max-image-preview:large","max-video-preview":"max-video-preview:-1"},"canonical":"https:\/\/ladoration.fr\/vanicet\/restitutions\/autres_ceramiques\/ceramiques-3\/","og_locale":"fr_FR","og_type":"article","og_title":"c\u00e9ramiques originales de l'artiste Martiniquais Victor Anicet","og_description":"http:\/\/ladoration.fr\/vanicet\/wp-content\/uploads\/2018\/04\/30032018-c\u00e9ramique-15.jpg","og_url":"https:\/\/ladoration.fr\/vanicet\/restitutions\/autres_ceramiques\/ceramiques-3\/","og_site_name":"Victor Anicet","article_modified_time":"2018-04-15T17:33:17+00:00","twitter_card":"summary_large_image","schema":{"@context":"https:\/\/schema.org","@graph":[{"@type":"WebPage","@id":"https:\/\/ladoration.fr\/vanicet\/restitutions\/autres_ceramiques\/ceramiques-3\/","url":"https:\/\/ladoration.fr\/vanicet\/restitutions\/autres_ceramiques\/ceramiques-3\/","name":"c\u00e9ramiques originales de l'artiste Martiniquais Victor Anicet","isPartOf":{"@id":"https:\/\/ladoration.fr\/vanicet\/#website"},"datePublished":"2018-04-14T17:39:55+00:00","dateModified":"2018-04-15T17:33:17+00:00","description":"http:\/\/ladoration.fr\/vanicet\/wp-content\/uploads\/2018\/04\/30032018-c\u00e9ramique-15.jpg","breadcrumb":{"@id":"https:\/\/ladoration.fr\/vanicet\/restitutions\/autres_ceramiques\/ceramiques-3\/#breadcrumb"},"inLanguage":"fr-FR","potentialAction":[{"@type":"ReadAction","target":["https:\/\/ladoration.fr\/vanicet\/restitutions\/autres_ceramiques\/ceramiques-3\/"]}]},{"@type":"BreadcrumbList","@id":"https:\/\/ladoration.fr\/vanicet\/restitutions\/autres_ceramiques\/ceramiques-3\/#breadcrumb","itemListElement":[{"@type":"ListItem","position":1,"name":"Accueil","item":"https:\/\/ladoration.fr\/vanicet\/"},{"@type":"ListItem","position":2,"name":"Restitutions","item":"https:\/\/ladoration.fr\/vanicet\/restitutions\/"},{"@type":"ListItem","position":3,"name":"Autres c\u00e9ramiques","item":"http:\/\/ladoration.fr\/vanicet\/restitutions\/autres_ceramiques\/"},{"@type":"ListItem","position":4,"name":"C\u00e9ramiques 3"}]},{"@type":"WebSite","@id":"https:\/\/ladoration.fr\/vanicet\/#website","url":"https:\/\/ladoration.fr\/vanicet\/","name":"Victor Anicet","description":"Biface dit C\u00e9saire dans la Trag\u00e9die du Roi Christophe en pensant \u00e0 Janus, deux t\u00eates, deux directions, le pass\u00e9 et l&#039;Avenir","potentialAction":[{"@type":"SearchAction","target":{"@type":"EntryPoint","urlTemplate":"https:\/\/ladoration.fr\/vanicet\/?s={search_term_string}"},"query-input":"required name=search_term_string"}],"inLanguage":"fr-FR"}]}},"jetpack_sharing_enabled":true,"jetpack_shortlink":"https:\/\/wp.me\/Pax50O-aN","_links":{"self":[{"href":"https:\/\/ladoration.fr\/vanicet\/wp-json\/wp\/v2\/pages\/669","targetHints":{"allow":["GET"]}}],"collection":[{"href":"https:\/\/ladoration.fr\/vanicet\/wp-json\/wp\/v2\/pages"}],"about":[{"href":"https:\/\/ladoration.fr\/vanicet\/wp-json\/wp\/v2\/types\/page"}],"author":[{"embeddable":true,"href":"https:\/\/ladoration.fr\/vanicet\/wp-json\/wp\/v2\/users\/1"}],"replies":[{"embeddable":true,"href":"https:\/\/ladoration.fr\/vanicet\/wp-json\/wp\/v2\/comments?post=669"}],"version-history":[{"count":6,"href":"https:\/\/ladoration.fr\/vanicet\/wp-json\/wp\/v2\/pages\/669\/revisions"}],"predecessor-version":[{"id":786,"href":"https:\/\/ladoration.fr\/vanicet\/wp-json\/wp\/v2\/pages\/669\/revisions\/786"}],"up":[{"embeddable":true,"href":"https:\/\/ladoration.fr\/vanicet\/wp-json\/wp\/v2\/pages\/623"}],"wp:attachment":[{"href":"https:\/\/ladoration.fr\/vanicet\/wp-json\/wp\/v2\/media?parent=669"}],"curies":[{"name":"wp","href":"https:\/\/api.w.org\/{rel}","templated":true}]}}